{"id":63,"date":"2021-08-14T13:31:54","date_gmt":"2021-08-14T13:31:54","guid":{"rendered":"https:\/\/sti.hn\/wp2\/wp3\/?page_id=63"},"modified":"2022-05-11T21:10:06","modified_gmt":"2022-05-11T21:10:06","slug":"servicios","status":"publish","type":"page","link":"https:\/\/sti.hn\/wp2\/servicios\/","title":{"rendered":"SERVICIO T\u00c9CNICO"},"content":{"rendered":"\t\t<div data-elementor-type=\"wp-page\" data-elementor-id=\"63\" class=\"elementor elementor-63\" data-elementor-settings=\"[]\">\n\t\t\t\t\t\t\t<div class=\"elementor-section-wrap\">\n\t\t\t\t\t\t\t<section class=\"elementor-section elementor-top-section elementor-element elementor-element-705e4cc8 elementor-section-boxed elementor-section-height-default elementor-section-height-default\" data-id=\"705e4cc8\" data-element_type=\"section\">\n\t\t\t\t\t\t<div class=\"elementor-container elementor-column-gap-default\">\n\t\t\t\t\t<div class=\"elementor-column elementor-col-100 elementor-top-column elementor-element elementor-element-17553d4f\" data-id=\"17553d4f\" data-element_type=\"column\">\n\t\t\t<div class=\"elementor-widget-wrap elementor-element-populated\">\n\t\t\t\t\t\t\t\t<div class=\"elementor-element elementor-element-35fbaf2d elementor-widget elementor-widget-text-editor\" data-id=\"35fbaf2d\" data-element_type=\"widget\" data-widget_type=\"text-editor.default\">\n\t\t\t\t<div class=\"elementor-widget-container\">\n\t\t\t\t\t<div class=\"elementor-text-editor elementor-clearfix\"><p><!-- wp:paragraph --><\/p>\n<p><!-- \/wp:paragraph --><\/p>\n<p><!-- wp:paragraph {\"align\":\"center\",\"style\":{\"color\":{\"text\":\"#ff6600\"}},\"fontSize\":\"large\"} --><\/p>\n<p class=\"has-text-align-center has-text-color has-large-font-size\" style=\"color:#ff6600\"><strong>\u00a1STI no solo suministra maquinaria, STI suministra soluciones!<\/strong><\/p>\n<p><!-- \/wp:paragraph --><\/p>\n<p><!-- wp:paragraph {\"align\":\"center\",\"style\":{\"color\":{\"text\":\"#ff6600\"}},\"fontSize\":\"medium\"} --><\/p>\n<p class=\"has-text-align-center has-text-color has-medium-font-size\" style=\"color:#ff6600\"><strong>SOPORTE T\u00c9CNICO<\/strong><strong><\/strong><\/p>\n<p><!-- \/wp:paragraph --><\/p>\n<p><!-- wp:paragraph --><\/p>\n<p><strong>STI <\/strong>sabe de la importancia que tiene la decisi\u00f3n de inversi\u00f3n en la adquisici\u00f3n de un equipo. Es por eso que ponemos especial \u00e9nfasis en desarrollar una colaboraci\u00f3n muy pr\u00f3xima con nuestros clientes.<br>Para esto nos basamos en nuestra amplia experiencia y brindamos un asesoramiento integral desde el planteo inicial de nuestro cliente sobre su proyecto, para posteriormente seleccionar el dise\u00f1o y funcionalidad de un equipo que se ajuste a las reales necesidades de cada negocio.<\/p>\n<p><!-- \/wp:paragraph --><\/p>\n<p><!-- wp:paragraph --><\/p>\n<p>Nuestro compromiso se extiende m\u00e1s all\u00e1 de la venta y puesta en marcha de sistemas y soluciones.&nbsp;Brindamos servicio y soporte continuos con un equipo dedicado de t\u00e9cnicos que reparan, actualizan, realizan mantenimiento preventivo y brindan soporte en caso de aver\u00eda para mantener su equipo funcionando de la manera m\u00e1s eficiente y productiva posible.<\/p>\n<p><!-- \/wp:paragraph --><\/p>\n<p><!-- wp:paragraph {\"align\":\"center\",\"style\":{\"color\":{\"text\":\"#ff6600\"}},\"fontSize\":\"medium\"} --><\/p>\n<p class=\"has-text-align-center has-text-color has-medium-font-size\" style=\"color:#ff6600\"><strong>Inspecciones y Mantenimiento Preventivo<\/strong><\/p>\n<p><!-- \/wp:paragraph --><\/p>\n<p><!-- wp:paragraph --><\/p>\n<p>Las inspecciones preventivas y el mantenimiento son esenciales para el funcionamiento eficiente de cualquier sistema.&nbsp;El objetivo es reducir la probabilidad de falla del equipo y mantener un alto tiempo de actividad y eficiencia.<\/p>\n<p><!-- \/wp:paragraph --><\/p>\n<p><!-- wp:paragraph --><\/p>\n<p>Ofrecemos los siguientes servicios:<\/p>\n<p><!-- \/wp:paragraph --><\/p>\n<p><!-- wp:paragraph --><\/p>\n<p><strong>Auditor\u00eda<\/strong><\/p>\n<p><!-- \/wp:paragraph --><\/p>\n<p><!-- wp:list --><\/p>\n<ul>\n<li>Revisi\u00f3n del sistema<\/li>\n<li>Visi\u00f3n clara del estado actual del sistema<\/li>\n<li>Recomendaciones de nuestro especialista<\/li>\n<li>Acci\u00f3n de mantenimiento<\/li>\n<\/ul>\n<p><!-- \/wp:list --><\/p>\n<p><!-- wp:paragraph --><\/p>\n<p><strong>Mantenimiento<\/strong><\/p>\n<p><!-- \/wp:paragraph --><\/p>\n<p><!-- wp:list --><\/p>\n<ul>\n<li>Plan de mantenimiento, a la medida de su instalaci\u00f3n<\/li>\n<li>Plan de mantenimiento completo<\/li>\n<\/ul>\n<p><!-- \/wp:list --><\/p>\n<p><!-- wp:paragraph --><\/p>\n<p>Estas opciones de mantenimiento preventivo se pueden integrar en un contrato de servicio de STI.<\/p>\n<p><!-- \/wp:paragraph --><\/p>\n<p><!-- wp:paragraph {\"align\":\"center\",\"style\":{\"color\":{\"text\":\"#ff6600\"}},\"fontSize\":\"medium\"} --><\/p>\n<p class=\"has-text-align-center has-text-color has-medium-font-size\" style=\"color:#ff6600\"><strong>Reparaci\u00f3n de aver\u00edas<\/strong><\/p>\n<p><!-- \/wp:paragraph --><\/p>\n<p><!-- wp:paragraph --><\/p>\n<p>Nuestro equipo de STI est\u00e1 disponible para ayudarlo con cualquiera de los requisitos de aver\u00eda de su maquinaria.<\/p>\n<p><!-- \/wp:paragraph --><\/p>\n<p><!-- wp:paragraph --><\/p>\n<p>Tenemos una comprensi\u00f3n especializada no solo de la maquinaria que emplea, sino tambi\u00e9n de cu\u00e1n cr\u00edticas son esas m\u00e1quinas para la operaci\u00f3n diaria de su negocio. \u00a1Nuestros t\u00e9cnicos le brindar\u00e1n servicio por tel\u00e9fono o en el lugar si lo necesita!<\/p>\n<p><!-- \/wp:paragraph --><\/p>\n<p><!-- wp:paragraph --><\/p>\n<p><a href=\"https:\/\/sti.hn\/wp2\/wp-content\/uploads\/2022\/05\/reparacion.png\" style=\"font-family: var( --e-global-typography-text-font-family ), Sans-serif; font-weight: var( --e-global-typography-text-font-weight ); background-color: var(--nv-site-bg); font-size: var(--bodyFontSize); letter-spacing: var(--bodyLetterSpacing); text-transform: var(--bodyTextTransform);\"><img loading=\"lazy\" decoding=\"async\" src=\"https:\/\/sti.hn\/wp2\/wp-content\/uploads\/2022\/05\/reparacion.png\" alt=\"\" class=\"wp-image-1843\" width=\"704\" height=\"366\" srcset=\"https:\/\/sti.hn\/wp2\/wp-content\/uploads\/2022\/05\/reparacion.png 641w, https:\/\/sti.hn\/wp2\/wp-content\/uploads\/2022\/05\/reparacion-300x156.png 300w, https:\/\/sti.hn\/wp2\/wp-content\/uploads\/2022\/05\/reparacion-600x312.png 600w\" sizes=\"auto, (max-width: 704px) 100vw, 704px\" \/><\/a><br><\/p>\n<p><!-- \/wp:image --><\/p>\n<p><!-- wp:paragraph {\"align\":\"center\",\"style\":{\"color\":{\"text\":\"#ff6600\"}},\"fontSize\":\"medium\"} --><\/p>\n<p class=\"has-text-align-center has-text-color has-medium-font-size\" style=\"color:#ff6600\"><strong>INSTALACI\u00d3N Y PUESTA EN MARCHA<\/strong><\/p>\n<p><!-- \/wp:paragraph --><\/p>\n<p><!-- wp:paragraph --><\/p>\n<p class=\"MsoNormal\" style=\"margin-bottom:0cm;margin-bottom:.0001pt;text-align: justify;line-height:normal\"><span lang=\"es-419\">Tenemos la capacidad y el<br>\nconocimiento para realizar el montaje, instalaci\u00f3n y puesta en marcha de los<br>\nequipos de todas las marcas representadas, bas\u00e1ndonos en los est\u00e1ndares de<br>\nnuestros proveedores.<o:p><\/o:p><\/span><\/p>\n<p><\/p>\n<p class=\"MsoNormal\" style=\"margin-bottom:0cm;margin-bottom:.0001pt;text-align: justify;line-height:normal\"><span lang=\"es-419\" style=\"color:#EA531D\">\u00bb&nbsp;<\/span><span lang=\"es-419\">Formaci\u00f3n de los operadores y personal de mantenimiento posterior a<br>\nla puesta en funcionamiento del equipo.<o:p><\/o:p><\/span><\/p>\n<p><br><\/p>\n<p><!-- \/wp:paragraph --><\/p>\n<p><!-- wp:paragraph --><\/p>\n<p><!-- \/wp:paragraph --><\/p>\n<p><!-- wp:paragraph --><\/p>\n<p><!-- \/wp:paragraph --><\/p><\/div>\n\t\t\t\t<\/div>\n\t\t\t\t<\/div>\n\t\t\t\t\t<\/div>\n\t\t<\/div>\n\t\t\t\t\t\t\t<\/div>\n\t\t<\/section>\n\t\t\t\t<section class=\"elementor-section elementor-top-section elementor-element elementor-element-847860b elementor-section-boxed elementor-section-height-default elementor-section-height-default\" data-id=\"847860b\" data-element_type=\"section\">\n\t\t\t\t\t\t<div class=\"elementor-container elementor-column-gap-default\">\n\t\t\t\t\t<div class=\"elementor-column elementor-col-100 elementor-top-column elementor-element elementor-element-85e590d\" data-id=\"85e590d\" data-element_type=\"column\">\n\t\t\t<div class=\"elementor-widget-wrap\">\n\t\t\t\t\t\t\t\t\t<\/div>\n\t\t<\/div>\n\t\t\t\t\t\t\t<\/div>\n\t\t<\/section>\n\t\t\t\t\t\t<\/div>\n\t\t\t\t\t<\/div>\n\t\t","protected":false},"excerpt":{"rendered":"<p>\u00a1STI no solo suministra maquinaria, STI suministra soluciones! SOPORTE T\u00c9CNICO STI sabe de la importancia que tiene la decisi\u00f3n de inversi\u00f3n en la adquisici\u00f3n de un equipo. Es por eso que ponemos especial \u00e9nfasis en desarrollar una colaboraci\u00f3n muy pr\u00f3xima con nuestros clientes.Para esto nos basamos en nuestra amplia experiencia y brindamos un asesoramiento integral&hellip;&nbsp;<a href=\"https:\/\/sti.hn\/wp2\/servicios\/\" class=\"\" rel=\"bookmark\">Leer m\u00e1s &raquo;<span class=\"screen-reader-text\">SERVICIO T\u00c9CNICO<\/span><\/a><\/p>\n","protected":false},"author":1,"featured_media":0,"parent":0,"menu_order":0,"comment_status":"closed","ping_status":"closed","template":"","meta":{"neve_meta_sidebar":"","neve_meta_container":"","neve_meta_enable_content_width":"","neve_meta_content_width":0,"neve_meta_title_alignment":"","neve_meta_author_avatar":"","neve_post_elements_order":"","neve_meta_disable_header":"","neve_meta_disable_footer":"","neve_meta_disable_title":"on","footnotes":""},"class_list":["post-63","page","type-page","status-publish","hentry"],"_links":{"self":[{"href":"https:\/\/sti.hn\/wp2\/wp-json\/wp\/v2\/pages\/63","targetHints":{"allow":["GET"]}}],"collection":[{"href":"https:\/\/sti.hn\/wp2\/wp-json\/wp\/v2\/pages"}],"about":[{"href":"https:\/\/sti.hn\/wp2\/wp-json\/wp\/v2\/types\/page"}],"author":[{"embeddable":true,"href":"https:\/\/sti.hn\/wp2\/wp-json\/wp\/v2\/users\/1"}],"replies":[{"embeddable":true,"href":"https:\/\/sti.hn\/wp2\/wp-json\/wp\/v2\/comments?post=63"}],"version-history":[{"count":24,"href":"https:\/\/sti.hn\/wp2\/wp-json\/wp\/v2\/pages\/63\/revisions"}],"predecessor-version":[{"id":1957,"href":"https:\/\/sti.hn\/wp2\/wp-json\/wp\/v2\/pages\/63\/revisions\/1957"}],"wp:attachment":[{"href":"https:\/\/sti.hn\/wp2\/wp-json\/wp\/v2\/media?parent=63"}],"curies":[{"name":"wp","href":"https:\/\/api.w.org\/{rel}","templated":true}]}}