{"id":7,"date":"2021-08-13T11:58:28","date_gmt":"2021-08-13T11:58:28","guid":{"rendered":"https:\/\/sti.hn\/wp2\/wp3\/?page_id=7"},"modified":"2022-05-11T01:11:02","modified_gmt":"2022-05-11T01:11:02","slug":"acerca-de","status":"publish","type":"page","link":"https:\/\/sti.hn\/wp2\/acerca-de\/","title":{"rendered":"Nosotros"},"content":{"rendered":"\t\t<div data-elementor-type=\"wp-page\" data-elementor-id=\"7\" class=\"elementor elementor-7\" data-elementor-settings=\"[]\">\n\t\t\t\t\t\t\t<div class=\"elementor-section-wrap\">\n\t\t\t\t\t\t\t<section class=\"elementor-section elementor-top-section elementor-element elementor-element-6edfbd61 elementor-section-boxed elementor-section-height-default elementor-section-height-default\" data-id=\"6edfbd61\" data-element_type=\"section\">\n\t\t\t\t\t\t<div class=\"elementor-container elementor-column-gap-default\">\n\t\t\t\t\t<div class=\"elementor-column elementor-col-100 elementor-top-column elementor-element elementor-element-7947ade1\" data-id=\"7947ade1\" data-element_type=\"column\">\n\t\t\t<div class=\"elementor-widget-wrap elementor-element-populated\">\n\t\t\t\t\t\t\t\t<div class=\"elementor-element elementor-element-20614a5 elementor-widget elementor-widget-text-editor\" data-id=\"20614a5\" data-element_type=\"widget\" data-widget_type=\"text-editor.default\">\n\t\t\t\t<div class=\"elementor-widget-container\">\n\t\t\t\t\t<div class=\"elementor-text-editor elementor-clearfix\"><p><!-- wp:paragraph --><\/p>\n<p><!-- \/wp:paragraph --><!-- wp:paragraph --><\/p>\n<p><!-- \/wp:paragraph --><!-- wp:paragraph --><\/p>\n<p><!-- \/wp:paragraph --><!-- wp:paragraph {\"align\":\"center\",\"style\":{\"typography\":{\"fontSize\":\"33px\"},\"color\":{\"text\":\"#ff6600\"}}} --><\/p>\n<p class=\"has-text-align-center has-text-color\" style=\"color: #ff6600; font-size: 33px; padding-left: 40px;\"><strong>NUESTRA EMPRESA<\/strong><\/p>\n<p><!-- \/wp:paragraph --><!-- wp:paragraph --><\/p>\n<p><strong>SOLUCIONES T\u00c9CNICAS INDUSTRIALES<\/strong><a href=\"https:\/\/sti.hn\/wp2\/wp-content\/uploads\/2022\/05\/xxl_cropped_0dcc1b72297d2163c58cacf5aa77e429.jpg\"><img loading=\"lazy\" decoding=\"async\" class=\"alignright wp-image-1887\" src=\"https:\/\/sti.hn\/wp2\/wp-content\/uploads\/2022\/05\/xxl_cropped_0dcc1b72297d2163c58cacf5aa77e429-150x150.jpg\" alt=\"\" width=\"506\" height=\"338\" srcset=\"https:\/\/sti.hn\/wp2\/wp-content\/uploads\/2022\/05\/xxl_cropped_0dcc1b72297d2163c58cacf5aa77e429-300x200.jpg 300w, https:\/\/sti.hn\/wp2\/wp-content\/uploads\/2022\/05\/xxl_cropped_0dcc1b72297d2163c58cacf5aa77e429-600x400.jpg 600w, https:\/\/sti.hn\/wp2\/wp-content\/uploads\/2022\/05\/xxl_cropped_0dcc1b72297d2163c58cacf5aa77e429.jpg 700w\" sizes=\"auto, (max-width: 506px) 100vw, 506px\" \/><\/a> es una empresa dedicada a atender todos los aspectos de la industria alimentaria, desde instalaciones de procesamiento de alimentos a gran escala hasta peque\u00f1os procesadores y carnicer\u00edas. Suministrando todo tipo de maquinaria e insumos.<\/p>\n<p><span style=\"background-color: var(--nv-site-bg); color: var( --e-global-color-text ); font-family: var( --e-global-typography-text-font-family ), Sans-serif; font-size: var(--bodyFontSize); font-weight: var( --e-global-typography-text-font-weight ); letter-spacing: var(--bodyLetterSpacing); text-transform: var(--bodyTextTransform);\">Nos enorgullecemos de vender productos de calidad mundial y brindar un servicio premium a todos nuestros clientes.<\/span><\/p>\n<p><span style=\"color: var( --e-global-color-text ); font-family: var( --e-global-typography-text-font-family ), Sans-serif; font-weight: var( --e-global-typography-text-font-weight ); background-color: var(--nv-site-bg); font-size: var(--bodyFontSize); letter-spacing: var(--bodyLetterSpacing); text-transform: var(--bodyTextTransform);\">Entendemos que cada negocio tiene requisitos diferentes y una m\u00e1quina no sirve para todos, por lo que trabajamos constantemente en Soluciones para obtener los productos que nuestros clientes necesitan.<\/span><\/p>\n<p><!-- \/wp:paragraph --><!-- wp:paragraph --><\/p>\n<p>Con la experiencia acumulada, nuestro personal calificado y el apoyo de nuestras marcas representadas, podemos solucionar cualquier necesidad para la peque\u00f1a, mediana y grande empresa.<\/p>\n<p><!-- \/wp:paragraph --><!-- wp:paragraph --><\/p>\n<p>Estamos orgullosos de decir que la mayor\u00eda de nuestros nuevos clientes son referidos por otros clientes satisfechos.\u00a0Comun\u00edcate con nosotros hoy, tenemos todo lo que necesitas para tus proyectos.<\/p>\n<p><!-- \/wp:paragraph --><!-- wp:paragraph {\"style\":{\"color\":{\"text\":\"#ff6600\"}}} --><\/p>\n<p class=\"has-text-color\" style=\"color: #ff6600;\"><strong>\u00a0<\/strong><\/p>\n<p class=\"has-text-color\" style=\"color: #ff6600;\"><strong>\u00a1Nos apasiona lo que hacemos! \u00a0La energ\u00eda que nos impulsa, a la constante b\u00fasqueda y desarrollo de tecnolog\u00edas que brinde soluciones a los requisitos de nuestros clientes<\/strong><\/p>\n<p><!-- \/wp:paragraph --><\/p><\/div>\n\t\t\t\t<\/div>\n\t\t\t\t<\/div>\n\t\t\t\t\t<\/div>\n\t\t<\/div>\n\t\t\t\t\t\t\t<\/div>\n\t\t<\/section>\n\t\t\t\t\t\t<\/div>\n\t\t\t\t\t<\/div>\n\t\t","protected":false},"excerpt":{"rendered":"<p>NUESTRA EMPRESA SOLUCIONES T\u00c9CNICAS INDUSTRIALES es una empresa dedicada a atender todos los aspectos de la industria alimentaria, desde instalaciones de procesamiento de alimentos a gran escala hasta peque\u00f1os procesadores y carnicer\u00edas. Suministrando todo tipo de maquinaria e insumos. Nos enorgullecemos de vender productos de calidad mundial y brindar un servicio premium a todos nuestros&hellip;&nbsp;<a href=\"https:\/\/sti.hn\/wp2\/acerca-de\/\" class=\"\" rel=\"bookmark\">Leer m\u00e1s &raquo;<span class=\"screen-reader-text\">Nosotros<\/span><\/a><\/p>\n","protected":false},"author":1,"featured_media":0,"parent":0,"menu_order":0,"comment_status":"closed","ping_status":"closed","template":"","meta":{"neve_meta_sidebar":"","neve_meta_container":"","neve_meta_enable_content_width":"on","neve_meta_content_width":100,"neve_meta_title_alignment":"","neve_meta_author_avatar":"","neve_post_elements_order":"","neve_meta_disable_header":"","neve_meta_disable_footer":"","neve_meta_disable_title":"on","footnotes":""},"class_list":["post-7","page","type-page","status-publish","hentry"],"_links":{"self":[{"href":"https:\/\/sti.hn\/wp2\/wp-json\/wp\/v2\/pages\/7","targetHints":{"allow":["GET"]}}],"collection":[{"href":"https:\/\/sti.hn\/wp2\/wp-json\/wp\/v2\/pages"}],"about":[{"href":"https:\/\/sti.hn\/wp2\/wp-json\/wp\/v2\/types\/page"}],"author":[{"embeddable":true,"href":"https:\/\/sti.hn\/wp2\/wp-json\/wp\/v2\/users\/1"}],"replies":[{"embeddable":true,"href":"https:\/\/sti.hn\/wp2\/wp-json\/wp\/v2\/comments?post=7"}],"version-history":[{"count":61,"href":"https:\/\/sti.hn\/wp2\/wp-json\/wp\/v2\/pages\/7\/revisions"}],"predecessor-version":[{"id":1934,"href":"https:\/\/sti.hn\/wp2\/wp-json\/wp\/v2\/pages\/7\/revisions\/1934"}],"wp:attachment":[{"href":"https:\/\/sti.hn\/wp2\/wp-json\/wp\/v2\/media?parent=7"}],"curies":[{"name":"wp","href":"https:\/\/api.w.org\/{rel}","templated":true}]}}