{"id":1138,"date":"2022-03-06T19:07:23","date_gmt":"2022-03-06T19:07:23","guid":{"rendered":"https:\/\/sti.hn\/wp2\/?post_type=product&#038;p=1138"},"modified":"2022-03-13T20:11:09","modified_gmt":"2022-03-13T20:11:09","slug":"maquina-freidora-continua","status":"publish","type":"product","link":"https:\/\/sti.hn\/wp2\/producto\/maquina-freidora-continua\/","title":{"rendered":"M\u00c1QUINA FREIDORA CONTINUA"},"content":{"rendered":"<p>Caracter\u00edsticas:<\/p>\n<p>1. La estructura compacta, de dise\u00f1o simple y de operaci\u00f3n segura.<br \/>\n2. Totalmente de producci\u00f3n autom\u00e1tica lo que ayuda a ahorrar mano de obra, reduciendo as\u00ed el costo de la producci\u00f3n.<br \/>\n3. El cuerpo de nuestra maquina freidora continua se realiza mediante los alimentos de grado de acero inoxidable, con el fin de ofrecer un nivel de saneamiento de alta durante la producci\u00f3n.<br \/>\n4. Control autom\u00e1tico y preciso de la temperatura del aceite, y el cintur\u00f3n de velocidad es controlado por el inversor para garantizar la estabilidad del proceso de fritura.<br \/>\n5. El dispositivo de elevaci\u00f3n hace que la maquina freidora continua sea f\u00e1cil de limpiar.<br \/>\n6. La maquina freidora esta dise\u00f1ada con un dispositivo \u00fanico para prevenir que los alimentos no floten sobre la superficie del aceite, para garantizar que se fr\u00edan completamente.<\/p>\n<p><a href=\"https:\/\/sti.hn\/wp2\/wp-content\/uploads\/2022\/03\/freidora.png\"><img loading=\"lazy\" decoding=\"async\" class=\"aligncenter size-full wp-image-1140\" src=\"https:\/\/sti.hn\/wp2\/wp-content\/uploads\/2022\/03\/freidora.png\" alt=\"\" width=\"660\" height=\"494\" srcset=\"https:\/\/sti.hn\/wp2\/wp-content\/uploads\/2022\/03\/freidora.png 660w, https:\/\/sti.hn\/wp2\/wp-content\/uploads\/2022\/03\/freidora-300x225.png 300w, https:\/\/sti.hn\/wp2\/wp-content\/uploads\/2022\/03\/freidora-600x449.png 600w\" sizes=\"auto, (max-width: 660px) 100vw, 660px\" \/><\/a><\/p>\n","protected":false},"excerpt":{"rendered":"<p>Nuestra maquina freidora continua viene en dos tipos, Ltcsf-300 y Ltcsf-400. Ambas son maquinas freidoras continuas inoxidables. Son adecuadas para fre\u00edr dintintos tipos de productos alimenticios, incluyendo nueces, frijoles, bolitas, snack y carnes.<\/p>\n","protected":false},"featured_media":1141,"template":"","meta":{"neve_meta_sidebar":"","neve_meta_container":"","neve_meta_enable_content_width":"off","neve_meta_content_width":100,"neve_meta_title_alignment":"","neve_meta_author_avatar":"","neve_post_elements_order":"","neve_meta_disable_header":"","neve_meta_disable_footer":"","neve_meta_disable_title":""},"class_list":["post-1138","product","type-product","status-publish","has-post-thumbnail","hentry","product_cat-maquisnack"],"_links":{"self":[{"href":"https:\/\/sti.hn\/wp2\/wp-json\/wp\/v2\/product\/1138","targetHints":{"allow":["GET"]}}],"collection":[{"href":"https:\/\/sti.hn\/wp2\/wp-json\/wp\/v2\/product"}],"about":[{"href":"https:\/\/sti.hn\/wp2\/wp-json\/wp\/v2\/types\/product"}],"version-history":[{"count":2,"href":"https:\/\/sti.hn\/wp2\/wp-json\/wp\/v2\/product\/1138\/revisions"}],"predecessor-version":[{"id":1382,"href":"https:\/\/sti.hn\/wp2\/wp-json\/wp\/v2\/product\/1138\/revisions\/1382"}],"wp:featuredmedia":[{"embeddable":true,"href":"https:\/\/sti.hn\/wp2\/wp-json\/wp\/v2\/media\/1141"}],"wp:attachment":[{"href":"https:\/\/sti.hn\/wp2\/wp-json\/wp\/v2\/media?parent=1138"}],"curies":[{"name":"wp","href":"https:\/\/api.w.org\/{rel}","templated":true}]}}