{"id":1193,"date":"2022-03-06T22:10:44","date_gmt":"2022-03-06T22:10:44","guid":{"rendered":"https:\/\/sti.hn\/wp2\/?post_type=product&#038;p=1193"},"modified":"2022-03-06T22:10:44","modified_gmt":"2022-03-06T22:10:44","slug":"masajeadora-al-vacio-tm150t-tm1000t","status":"publish","type":"product","link":"https:\/\/sti.hn\/wp2\/producto\/masajeadora-al-vacio-tm150t-tm1000t\/","title":{"rendered":"MASAJEADORA AL VACIO TM150T-TM1000T"},"content":{"rendered":"<p>Los vasos de vac\u00edo de estilo continuo de la serie TM de Promarks utilizan un sistema de vac\u00edo que permite que el vac\u00edo se extraiga, ventile y vuelva a dibujar mientras el tambor est\u00e1 en movimiento. Este sistema y nuestro panel de control de microprocesador PV-03 permite que la serie TM proporcione una mayor captaci\u00f3n debido al efecto \u00abesponja\u00bb causado por este sistema. Este tipo de sistema ha sido el est\u00e1ndar de la industria en Europa durante muchos a\u00f1os debido a su ventaja general en comparaci\u00f3n con los sistemas de vac\u00edo no continuos. La ventaja del sistema de control PV-03 es la capacidad de \u00abconfigurarlo y olvidarlo\u00bb cuando su operaci\u00f3n requiere m\u00faltiples ciclos de vac\u00edo, ventilaci\u00f3n y mezcla, ya que la secuencia deseada se puede programar en el PV-03, luego la m\u00e1quina es autom\u00e1tica despu\u00e9s de que se inicia el ciclo. Todo esto hace que la serie TM sea la m\u00e1quina que debe tener cuando est\u00e9 listo para llevar su operaci\u00f3n de marinado al vac\u00edo al siguiente nivel.<\/p>\n","protected":false},"excerpt":{"rendered":"<p><strong>Caracter\u00edsticas est\u00e1ndar:<\/strong><br \/>\nConstrucci\u00f3n de acero inoxidable<br \/>\nBomba de vac\u00edo Busch<br \/>\nVelocidad variable<br \/>\nVac\u00edo continuo<br \/>\nFunci\u00f3n de descarga inversa<br \/>\n<strong>Opciones:<\/strong><br \/>\nSistema de drenaje autom\u00e1tico para trampa de agua<br \/>\nPaletas personalizadas dentro del tambor<br \/>\nBombas de vac\u00edo m\u00e1s grandes<br \/>\nVoltaje personalizado<\/p>\n","protected":false},"featured_media":1194,"template":"","meta":{"neve_meta_sidebar":"","neve_meta_container":"","neve_meta_enable_content_width":"off","neve_meta_content_width":100,"neve_meta_title_alignment":"","neve_meta_author_avatar":"","neve_post_elements_order":"","neve_meta_disable_header":"","neve_meta_disable_footer":"","neve_meta_disable_title":""},"class_list":["post-1193","product","type-product","status-publish","has-post-thumbnail","hentry","product_cat-masajeado"],"_links":{"self":[{"href":"https:\/\/sti.hn\/wp2\/wp-json\/wp\/v2\/product\/1193","targetHints":{"allow":["GET"]}}],"collection":[{"href":"https:\/\/sti.hn\/wp2\/wp-json\/wp\/v2\/product"}],"about":[{"href":"https:\/\/sti.hn\/wp2\/wp-json\/wp\/v2\/types\/product"}],"version-history":[{"count":1,"href":"https:\/\/sti.hn\/wp2\/wp-json\/wp\/v2\/product\/1193\/revisions"}],"predecessor-version":[{"id":1195,"href":"https:\/\/sti.hn\/wp2\/wp-json\/wp\/v2\/product\/1193\/revisions\/1195"}],"wp:featuredmedia":[{"embeddable":true,"href":"https:\/\/sti.hn\/wp2\/wp-json\/wp\/v2\/media\/1194"}],"wp:attachment":[{"href":"https:\/\/sti.hn\/wp2\/wp-json\/wp\/v2\/media?parent=1193"}],"curies":[{"name":"wp","href":"https:\/\/api.w.org\/{rel}","templated":true}]}}