{"id":1209,"date":"2022-03-06T22:38:47","date_gmt":"2022-03-06T22:38:47","guid":{"rendered":"https:\/\/sti.hn\/wp2\/?post_type=product&#038;p=1209"},"modified":"2022-03-06T22:39:23","modified_gmt":"2022-03-06T22:39:23","slug":"k750-k1000","status":"publish","type":"product","link":"https:\/\/sti.hn\/wp2\/producto\/k750-k1000\/","title":{"rendered":"K750 &#8211; K1000"},"content":{"rendered":"<h2>INFORMACI\u00d3N T\u00c9CNICA<\/h2>\n<table style=\"height: 194px;\" width=\"441\">\n<thead>\n<tr>\n<th>DATOS TECNICOS<\/th>\n<th>UM<\/th>\n<th>K750<\/th>\n<th>K1000<\/th>\n<\/tr>\n<\/thead>\n<tbody>\n<tr>\n<td>Capacidad tolva<\/td>\n<td>lt<\/td>\n<td>1100<\/td>\n<td>1500<\/td>\n<\/tr>\n<tr>\n<td>Motor principal<\/td>\n<td>kW<\/td>\n<td>4(x2)<\/td>\n<td>5,5(x2)<\/td>\n<\/tr>\n<tr>\n<td>Motor elevador<\/td>\n<td>kW<\/td>\n<td>0,75<\/td>\n<td>0,75<\/td>\n<\/tr>\n<tr>\n<td>Peso (maq. + elevador)<\/td>\n<td>kg<\/td>\n<td>1500<\/td>\n<td>1800<\/td>\n<\/tr>\n<\/tbody>\n<\/table>\n","protected":false},"excerpt":{"rendered":"<p>M\u00e1quinas para el empleo en grandes y medianas industrias.<br \/>\nAmasa y mezcla todo tipo de productos de carne y conservas destinados a la producci\u00f3n de embutidos, hamburguesa, ensaladas, comida precocinada, etc.<br \/>\nEl sistema de mezcla a doble \u00e1rbol mezclador con palas garantiza un trato delicado del producto y la obteniendo mezclas homog\u00e9neas.<br \/>\nDos puertas de descarga bajo la cuba aseguran el llenado simult\u00e1neo de dos carros.<br \/>\nLa robusta construcci\u00f3n en acero inoxidable y una fiable mec\u00e1nica asegura un empleo duradero y le exime de mantenimiento.<br \/>\nSuperficies lisas y ausencia de esquinas para una r\u00e1pida y eficaz limpieza. Los puertas de descarga completamente desmontables en poco tiempo (sin empleo de herramientas) la hacen f\u00e1cil de limpiar.<br \/>\nElevador hidr\u00e1ulico integrado.<br \/>\nBajo petici\u00f3n todas las m\u00e1quinas amasadoras Omet pueden ser equipadas con un sistema de variaci\u00f3n de velocidad de los mezcladores. Para cada tipo de producto ser\u00e9 posible encontrar la velocidad de elaboraci\u00f3n m\u00e1s adecuada.<br \/>\nCada m\u00e1quina amasadora puede ser dotada con un panel! de mando electr\u00f3nico controlado por un PLC para la programaci\u00f3n en autom\u00e1tico de los ciclos de trabajo. Todas las funciones de la m\u00e1quina pueden ser monitorizadas sobre una amplia pantalla censora con tecnolog\u00eda \u00abTOUCH SCREEN\u00bb. Lo que tambi\u00e9n permite la gesti\u00f3n de ciclos completos de mezclas para la elaboraci\u00f3n de cualquier tipo de producto.<br \/>\nSistema de protecci\u00f3n (contra accidentes) asegurado por sensores controlados por una centradilla electr\u00f3nica de m\u00e1xima seguridad.<br \/>\nM\u00e1quina conforme a las normas comunitarias.<br \/>\nPosibilidad de instalar ciclos de lavado autom\u00e1tico y a\u00f1adido de l\u00edquidos y salinas .<\/p>\n<p>AMASADORAS INYECCION DE C02<br \/>\nLa instalaci\u00f3n de inyecci\u00f3n de gas C02 permite alcanzar temperaturas hasta -40\u00b0C. La posibilidades reducir la temperatura del producto impide la formaci\u00f3n de bacterias y permite la elaboraci\u00f3n de productos que de otro modo pudiesen verse perjudicados durante el amasado.<\/p>\n","protected":false},"featured_media":1211,"template":"","meta":{"neve_meta_sidebar":"","neve_meta_container":"","neve_meta_enable_content_width":"off","neve_meta_content_width":100,"neve_meta_title_alignment":"","neve_meta_author_avatar":"","neve_post_elements_order":"","neve_meta_disable_header":"","neve_meta_disable_footer":"","neve_meta_disable_title":""},"class_list":["post-1209","product","type-product","status-publish","has-post-thumbnail","hentry","product_cat-mezcladoras"],"_links":{"self":[{"href":"https:\/\/sti.hn\/wp2\/wp-json\/wp\/v2\/product\/1209","targetHints":{"allow":["GET"]}}],"collection":[{"href":"https:\/\/sti.hn\/wp2\/wp-json\/wp\/v2\/product"}],"about":[{"href":"https:\/\/sti.hn\/wp2\/wp-json\/wp\/v2\/types\/product"}],"version-history":[{"count":2,"href":"https:\/\/sti.hn\/wp2\/wp-json\/wp\/v2\/product\/1209\/revisions"}],"predecessor-version":[{"id":1216,"href":"https:\/\/sti.hn\/wp2\/wp-json\/wp\/v2\/product\/1209\/revisions\/1216"}],"wp:featuredmedia":[{"embeddable":true,"href":"https:\/\/sti.hn\/wp2\/wp-json\/wp\/v2\/media\/1211"}],"wp:attachment":[{"href":"https:\/\/sti.hn\/wp2\/wp-json\/wp\/v2\/media?parent=1209"}],"curies":[{"name":"wp","href":"https:\/\/api.w.org\/{rel}","templated":true}]}}