{"id":1245,"date":"2022-03-12T12:09:49","date_gmt":"2022-03-12T12:09:49","guid":{"rendered":"https:\/\/sti.hn\/wp2\/?post_type=product&#038;p=1245"},"modified":"2024-09-29T17:00:15","modified_gmt":"2024-09-29T17:00:15","slug":"lx15","status":"publish","type":"product","link":"https:\/\/sti.hn\/wp2\/producto\/lx15\/","title":{"rendered":"LX15"},"content":{"rendered":"\t\t<div data-elementor-type=\"wp-post\" data-elementor-id=\"1245\" class=\"elementor elementor-1245\" data-elementor-settings=\"[]\">\n\t\t\t\t\t\t\t<div class=\"elementor-section-wrap\">\n\t\t\t\t\t\t\t<section class=\"elementor-section elementor-top-section elementor-element elementor-element-591d004e elementor-section-boxed elementor-section-height-default elementor-section-height-default\" data-id=\"591d004e\" data-element_type=\"section\">\n\t\t\t\t\t\t<div class=\"elementor-container elementor-column-gap-default\">\n\t\t\t\t\t<div class=\"elementor-column elementor-col-100 elementor-top-column elementor-element elementor-element-f198073\" data-id=\"f198073\" data-element_type=\"column\">\n\t\t\t<div class=\"elementor-widget-wrap elementor-element-populated\">\n\t\t\t\t\t\t\t\t<div class=\"elementor-element elementor-element-6fa42c3e elementor-widget elementor-widget-text-editor\" data-id=\"6fa42c3e\" data-element_type=\"widget\" data-widget_type=\"text-editor.default\">\n\t\t\t\t<div class=\"elementor-widget-container\">\n\t\t\t\t\t<div class=\"elementor-text-editor elementor-clearfix\"><b>Calidad y Productividad\r\n<\/b>M\u00e1quinas proyectadas para atar en continuo embutidos. Pueden trabajar con tripa natural, col\u00e1gena y celul\u00f3sica hasta un di\u00e1metro m\u00e1ximo de 50 mm. Excepcionalmente vers\u00e1tiles, permiten una sustancial reducci\u00f3n de los tiempos de elaboraci\u00f3n del atado. La robusta construcci\u00f3n en acero inoxidable y una fiable mec\u00e1nica asegura un empleo duradero y sin manutenci\u00f3n. Totalmente impermeable. Superficies lisas y ausencia de esquinas aseguran una limpiadura r\u00e1pida y eficaz.\r\n<h2>INFORMACI\u00d3N T\u00c9CNICA<\/h2>\r\n<table style=\"height: 126px;\" width=\"575\">\r\n<thead>\r\n<tr>\r\n<th>DATOS T\u00c9CNICOS<\/th>\r\n<th>UM<\/th>\r\n<th><\/th>\r\n<\/tr>\r\n<\/thead>\r\n<tbody>\r\n<tr>\r\n<td>Motor atador<\/td>\r\n<td>kW<\/td>\r\n<td>0,75<\/td>\r\n<\/tr>\r\n<tr>\r\n<td>Motor extractor<\/td>\r\n<td>kW<\/td>\r\n<td>0,75<\/td>\r\n<\/tr>\r\n<tr>\r\n<td>Producci\u00f3n Max<\/td>\r\n<td>pcs\/min<\/td>\r\n<td>120<\/td>\r\n<\/tr>\r\n<tr>\r\n<td>Peso<\/td>\r\n<td>kg<\/td>\r\n<td>80<\/td>\r\n<\/tr>\r\n<\/tbody>\r\n<\/table><\/div>\n\t\t\t\t<\/div>\n\t\t\t\t<\/div>\n\t\t\t\t\t<\/div>\n\t\t<\/div>\n\t\t\t\t\t\t\t<\/div>\n\t\t<\/section>\n\t\t\t\t<section class=\"elementor-section elementor-top-section elementor-element elementor-element-ff80477 elementor-section-boxed elementor-section-height-default elementor-section-height-default\" data-id=\"ff80477\" data-element_type=\"section\">\n\t\t\t\t\t\t<div class=\"elementor-container elementor-column-gap-default\">\n\t\t\t\t\t<div class=\"elementor-column elementor-col-100 elementor-top-column elementor-element elementor-element-5ab4543\" data-id=\"5ab4543\" data-element_type=\"column\">\n\t\t\t<div class=\"elementor-widget-wrap elementor-element-populated\">\n\t\t\t\t\t\t\t\t<div class=\"elementor-element elementor-element-3417c92 elementor-aspect-ratio-169 elementor-widget elementor-widget-video\" data-id=\"3417c92\" data-element_type=\"widget\" data-settings=\"{&quot;youtube_url&quot;:&quot;https:\\\/\\\/www.youtube.com\\\/watch?v=w7kF8ZhLJno&quot;,&quot;video_type&quot;:&quot;youtube&quot;,&quot;controls&quot;:&quot;yes&quot;,&quot;aspect_ratio&quot;:&quot;169&quot;}\" data-widget_type=\"video.default\">\n\t\t\t\t<div class=\"elementor-widget-container\">\n\t\t\t\t\t<div class=\"elementor-wrapper elementor-fit-aspect-ratio elementor-open-inline\">\n\t\t\t<div class=\"elementor-video\"><\/div>\t\t<\/div>\n\t\t\t\t<\/div>\n\t\t\t\t<\/div>\n\t\t\t\t\t<\/div>\n\t\t<\/div>\n\t\t\t\t\t\t\t<\/div>\n\t\t<\/section>\n\t\t\t\t\t\t<\/div>\n\t\t\t\t\t<\/div>\n\t\t","protected":false},"excerpt":{"rendered":"<p>El modelo LX15 est\u00e1 dotado de un dispositivo para el avance autom\u00e1tico de la tripa a trav\u00e9s de dos cintas y pueden trabajar en l\u00ednea con la m\u00e1quina embutidora.<\/p>\n","protected":false},"featured_media":1244,"template":"","meta":{"neve_meta_sidebar":"","neve_meta_container":"","neve_meta_enable_content_width":"off","neve_meta_content_width":100,"neve_meta_title_alignment":"","neve_meta_author_avatar":"","neve_post_elements_order":"","neve_meta_disable_header":"","neve_meta_disable_footer":"","neve_meta_disable_title":""},"class_list":["post-1245","product","type-product","status-publish","has-post-thumbnail","hentry","product_cat-atadoras"],"_links":{"self":[{"href":"https:\/\/sti.hn\/wp2\/wp-json\/wp\/v2\/product\/1245","targetHints":{"allow":["GET"]}}],"collection":[{"href":"https:\/\/sti.hn\/wp2\/wp-json\/wp\/v2\/product"}],"about":[{"href":"https:\/\/sti.hn\/wp2\/wp-json\/wp\/v2\/types\/product"}],"version-history":[{"count":5,"href":"https:\/\/sti.hn\/wp2\/wp-json\/wp\/v2\/product\/1245\/revisions"}],"predecessor-version":[{"id":1390,"href":"https:\/\/sti.hn\/wp2\/wp-json\/wp\/v2\/product\/1245\/revisions\/1390"}],"wp:featuredmedia":[{"embeddable":true,"href":"https:\/\/sti.hn\/wp2\/wp-json\/wp\/v2\/media\/1244"}],"wp:attachment":[{"href":"https:\/\/sti.hn\/wp2\/wp-json\/wp\/v2\/media?parent=1245"}],"curies":[{"name":"wp","href":"https:\/\/api.w.org\/{rel}","templated":true}]}}