{"id":1355,"date":"2022-03-13T19:39:39","date_gmt":"2022-03-13T19:39:39","guid":{"rendered":"https:\/\/sti.hn\/wp2\/?post_type=product&#038;p=1355"},"modified":"2024-09-29T16:58:45","modified_gmt":"2024-09-29T16:58:45","slug":"formadora-de-hamburguesas-mod-super","status":"publish","type":"product","link":"https:\/\/sti.hn\/wp2\/producto\/formadora-de-hamburguesas-mod-super\/","title":{"rendered":"FORMADORA DE HAMBURGUESAS MOD. SUPER"},"content":{"rendered":"\t\t<div data-elementor-type=\"wp-post\" data-elementor-id=\"1355\" class=\"elementor elementor-1355\" data-elementor-settings=\"[]\">\n\t\t\t\t\t\t\t<div class=\"elementor-section-wrap\">\n\t\t\t\t\t\t\t<section class=\"elementor-section elementor-top-section elementor-element elementor-element-1cccd6a9 elementor-section-boxed elementor-section-height-default elementor-section-height-default\" data-id=\"1cccd6a9\" data-element_type=\"section\">\n\t\t\t\t\t\t<div class=\"elementor-container elementor-column-gap-default\">\n\t\t\t\t\t<div class=\"elementor-column elementor-col-100 elementor-top-column elementor-element elementor-element-ab57993\" data-id=\"ab57993\" data-element_type=\"column\">\n\t\t\t<div class=\"elementor-widget-wrap elementor-element-populated\">\n\t\t\t\t\t\t\t\t<div class=\"elementor-element elementor-element-e05eca0 elementor-widget elementor-widget-text-editor\" data-id=\"e05eca0\" data-element_type=\"widget\" data-widget_type=\"text-editor.default\">\n\t\t\t\t<div class=\"elementor-widget-container\">\n\t\t\t\t\t<div class=\"elementor-text-editor elementor-clearfix\"><strong class=\"title mainTitle\">CARACTER\u00cdSTICAS T\u00c9CNICAS<\/strong>\n<ul>\n \t<li>Produce hamburguesas redondas de 30-120 mm de di\u00e1metro y otras formas.<\/li>\n \t<li>Peso regulable con grosor m\u00e1ximo 25 mm.<\/li>\n \t<li>Producci\u00f3n de 20 a 60 hamburguesas \/ minuto.<\/li>\n \t<li>Capacidad: 15 Kg de masa.<\/li>\n \t<li>Variador de velocidad.<\/li>\n \t<li>M\u00e1quina de sobremesa.<\/li>\n \t<li>Fabricada en Acero Inoxidable.<\/li>\n \t<li>Puede colocar papel blanco por una cara.<\/li>\n \t<li>Corriente el\u00e9ctrica monof\u00e1sica 230V, 50 Hz, 750 watios.<\/li>\n \t<li>F\u00e1cil de limpiar.<\/li>\n \t<li>Medidas: 650 x 450 x 740 mm.<\/li>\n \t<li>Peso: 77 Kg.<\/li>\n<\/ul>\n<strong class=\"title mainTitle\">CONSUMIBLES<\/strong>\n<table class=\"tableSupplies\" border=\"0\" cellspacing=\"0\" cellpadding=\"0\">\n<tbody>\n<tr>\n<th colspan=\"2\">Packs alimentadores papel para Super-Basic y Super<\/th>\n<\/tr>\n<tr>\n<td class=\"tableCode\">SUPERPFL120<\/td>\n<td>Pack alimentador papel discos 120 super 50 paquetes (500 hojas)<\/td>\n<\/tr>\n<tr>\n<td class=\"tableCode\">SUPERPFL140<\/td>\n<td>Pack alimentador papel discos 140 super 24 paquetes (500 hojas)<\/td>\n<\/tr>\n<\/tbody>\n<\/table><\/div>\n\t\t\t\t<\/div>\n\t\t\t\t<\/div>\n\t\t\t\t\t<\/div>\n\t\t<\/div>\n\t\t\t\t\t\t\t<\/div>\n\t\t<\/section>\n\t\t\t\t<section class=\"elementor-section elementor-top-section elementor-element elementor-element-ca0de8e elementor-section-boxed elementor-section-height-default elementor-section-height-default\" data-id=\"ca0de8e\" data-element_type=\"section\">\n\t\t\t\t\t\t<div class=\"elementor-container elementor-column-gap-default\">\n\t\t\t\t\t<div class=\"elementor-column elementor-col-100 elementor-top-column elementor-element elementor-element-cda1c37\" data-id=\"cda1c37\" data-element_type=\"column\">\n\t\t\t<div class=\"elementor-widget-wrap elementor-element-populated\">\n\t\t\t\t\t\t\t\t<div class=\"elementor-element elementor-element-a2454d4 elementor-aspect-ratio-169 elementor-widget elementor-widget-video\" data-id=\"a2454d4\" data-element_type=\"widget\" data-settings=\"{&quot;youtube_url&quot;:&quot;https:\\\/\\\/www.youtube.com\\\/watch?v=Uc7g-d4N5D8&quot;,&quot;video_type&quot;:&quot;youtube&quot;,&quot;controls&quot;:&quot;yes&quot;,&quot;aspect_ratio&quot;:&quot;169&quot;}\" data-widget_type=\"video.default\">\n\t\t\t\t<div class=\"elementor-widget-container\">\n\t\t\t\t\t<div class=\"elementor-wrapper elementor-fit-aspect-ratio elementor-open-inline\">\n\t\t\t<div class=\"elementor-video\"><\/div>\t\t<\/div>\n\t\t\t\t<\/div>\n\t\t\t\t<\/div>\n\t\t\t\t\t<\/div>\n\t\t<\/div>\n\t\t\t\t\t\t\t<\/div>\n\t\t<\/section>\n\t\t\t\t\t\t<\/div>\n\t\t\t\t\t<\/div>\n\t\t","protected":false},"excerpt":{"rendered":"<p>CARACTER\u00cdSTICAS T\u00c9CNICAS Produce hamburguesas redondas de 30-120 mm de di\u00e1metro y otras formas. Peso regulable con grosor m\u00e1ximo 25 mm. Producci\u00f3n de 20 a 60 hamburguesas \/ minuto. Capacidad: 15 Kg de masa. Variador de velocidad. M\u00e1quina de sobremesa. Fabricada en Acero Inoxidable. Puede colocar papel blanco por una cara. Corriente el\u00e9ctrica monof\u00e1sica 230V, 50&hellip;&nbsp;<a href=\"https:\/\/sti.hn\/wp2\/producto\/formadora-de-hamburguesas-mod-super\/\" class=\"\" rel=\"bookmark\">Leer m\u00e1s &raquo;<span class=\"screen-reader-text\">FORMADORA DE HAMBURGUESAS MOD. SUPER<\/span><\/a><\/p>\n","protected":false},"featured_media":1362,"template":"","meta":{"neve_meta_sidebar":"","neve_meta_container":"","neve_meta_enable_content_width":"off","neve_meta_content_width":100,"neve_meta_title_alignment":"","neve_meta_author_avatar":"","neve_post_elements_order":"","neve_meta_disable_header":"","neve_meta_disable_footer":"","neve_meta_disable_title":""},"class_list":["post-1355","product","type-product","status-publish","has-post-thumbnail","hentry","product_cat-hamburguesas"],"_links":{"self":[{"href":"https:\/\/sti.hn\/wp2\/wp-json\/wp\/v2\/product\/1355","targetHints":{"allow":["GET"]}}],"collection":[{"href":"https:\/\/sti.hn\/wp2\/wp-json\/wp\/v2\/product"}],"about":[{"href":"https:\/\/sti.hn\/wp2\/wp-json\/wp\/v2\/types\/product"}],"version-history":[{"count":7,"href":"https:\/\/sti.hn\/wp2\/wp-json\/wp\/v2\/product\/1355\/revisions"}],"predecessor-version":[{"id":1369,"href":"https:\/\/sti.hn\/wp2\/wp-json\/wp\/v2\/product\/1355\/revisions\/1369"}],"wp:featuredmedia":[{"embeddable":true,"href":"https:\/\/sti.hn\/wp2\/wp-json\/wp\/v2\/media\/1362"}],"wp:attachment":[{"href":"https:\/\/sti.hn\/wp2\/wp-json\/wp\/v2\/media?parent=1355"}],"curies":[{"name":"wp","href":"https:\/\/api.w.org\/{rel}","templated":true}]}}