{"id":1455,"date":"2022-03-27T17:53:56","date_gmt":"2022-03-27T17:53:56","guid":{"rendered":"https:\/\/sti.hn\/wp2\/?post_type=product&#038;p=1455"},"modified":"2022-03-27T18:12:14","modified_gmt":"2022-03-27T18:12:14","slug":"cutter-classical-series","status":"publish","type":"product","link":"https:\/\/sti.hn\/wp2\/producto\/cutter-classical-series\/","title":{"rendered":"CUTTER CLASSICAL SERIES"},"content":{"rendered":"<p><a href=\"https:\/\/sti.hn\/wp2\/wp-content\/uploads\/2022\/03\/clasicaseries-1.png\"><img loading=\"lazy\" decoding=\"async\" class=\"aligncenter size-full wp-image-1461\" src=\"https:\/\/sti.hn\/wp2\/wp-content\/uploads\/2022\/03\/clasicaseries-1.png\" alt=\"\" width=\"1194\" height=\"1712\" srcset=\"https:\/\/sti.hn\/wp2\/wp-content\/uploads\/2022\/03\/clasicaseries-1.png 1194w, https:\/\/sti.hn\/wp2\/wp-content\/uploads\/2022\/03\/clasicaseries-1-209x300.png 209w, https:\/\/sti.hn\/wp2\/wp-content\/uploads\/2022\/03\/clasicaseries-1-714x1024.png 714w, https:\/\/sti.hn\/wp2\/wp-content\/uploads\/2022\/03\/clasicaseries-1-768x1101.png 768w, https:\/\/sti.hn\/wp2\/wp-content\/uploads\/2022\/03\/clasicaseries-1-1071x1536.png 1071w, https:\/\/sti.hn\/wp2\/wp-content\/uploads\/2022\/03\/clasicaseries-1-600x860.png 600w\" sizes=\"auto, (max-width: 1194px) 100vw, 1194px\" \/><\/a><\/p>\n","protected":false},"excerpt":{"rendered":"<p>La serie de maquinas de alimentos \u201dTHE CLASSICAL\u201d cumple con los requisitos de la mayor\u00eda de los clientes en todo<a href=\"https:\/\/sti.hn\/wp2\/wp-content\/uploads\/2022\/03\/madeingermany.png\"><img loading=\"lazy\" decoding=\"async\" class=\" wp-image-1458 alignright\" src=\"https:\/\/sti.hn\/wp2\/wp-content\/uploads\/2022\/03\/madeingermany-300x300.png\" alt=\"\" width=\"102\" height=\"102\" srcset=\"https:\/\/sti.hn\/wp2\/wp-content\/uploads\/2022\/03\/madeingermany-300x300.png 300w, https:\/\/sti.hn\/wp2\/wp-content\/uploads\/2022\/03\/madeingermany-150x150.png 150w, https:\/\/sti.hn\/wp2\/wp-content\/uploads\/2022\/03\/madeingermany-100x100.png 100w, https:\/\/sti.hn\/wp2\/wp-content\/uploads\/2022\/03\/madeingermany.png 500w\" sizes=\"auto, (max-width: 102px) 100vw, 102px\" \/><\/a> el mundo. El dise\u00f1o cl\u00e1sico y los componentes de los equipos muy competitivos se ven coronados por una excelente relaci\u00f3n costo-beneficio,<\/p>\n","protected":false},"featured_media":1434,"template":"","meta":{"neve_meta_sidebar":"","neve_meta_container":"","neve_meta_enable_content_width":"off","neve_meta_content_width":100,"neve_meta_title_alignment":"","neve_meta_author_avatar":"","neve_post_elements_order":"","neve_meta_disable_header":"","neve_meta_disable_footer":"","neve_meta_disable_title":""},"class_list":["post-1455","product","type-product","status-publish","has-post-thumbnail","hentry","product_cat-cutter"],"_links":{"self":[{"href":"https:\/\/sti.hn\/wp2\/wp-json\/wp\/v2\/product\/1455","targetHints":{"allow":["GET"]}}],"collection":[{"href":"https:\/\/sti.hn\/wp2\/wp-json\/wp\/v2\/product"}],"about":[{"href":"https:\/\/sti.hn\/wp2\/wp-json\/wp\/v2\/types\/product"}],"version-history":[{"count":4,"href":"https:\/\/sti.hn\/wp2\/wp-json\/wp\/v2\/product\/1455\/revisions"}],"predecessor-version":[{"id":1462,"href":"https:\/\/sti.hn\/wp2\/wp-json\/wp\/v2\/product\/1455\/revisions\/1462"}],"wp:featuredmedia":[{"embeddable":true,"href":"https:\/\/sti.hn\/wp2\/wp-json\/wp\/v2\/media\/1434"}],"wp:attachment":[{"href":"https:\/\/sti.hn\/wp2\/wp-json\/wp\/v2\/media?parent=1455"}],"curies":[{"name":"wp","href":"https:\/\/api.w.org\/{rel}","templated":true}]}}