{"id":1467,"date":"2022-03-27T18:56:02","date_gmt":"2022-03-27T18:56:02","guid":{"rendered":"https:\/\/sti.hn\/wp2\/?post_type=product&#038;p=1467"},"modified":"2024-09-29T16:58:37","modified_gmt":"2024-09-29T16:58:37","slug":"finecut","status":"publish","type":"product","link":"https:\/\/sti.hn\/wp2\/producto\/finecut\/","title":{"rendered":"FineCUT"},"content":{"rendered":"\t\t<div data-elementor-type=\"wp-post\" data-elementor-id=\"1467\" class=\"elementor elementor-1467\" data-elementor-settings=\"[]\">\n\t\t\t\t\t\t\t<div class=\"elementor-section-wrap\">\n\t\t\t\t\t\t\t<section class=\"elementor-section elementor-top-section elementor-element elementor-element-08edffa elementor-section-boxed elementor-section-height-default elementor-section-height-default\" data-id=\"08edffa\" data-element_type=\"section\">\n\t\t\t\t\t\t<div class=\"elementor-container elementor-column-gap-default\">\n\t\t\t\t\t<div class=\"elementor-column elementor-col-33 elementor-top-column elementor-element elementor-element-ce94d3e\" data-id=\"ce94d3e\" data-element_type=\"column\">\n\t\t\t<div class=\"elementor-widget-wrap elementor-element-populated\">\n\t\t\t\t\t\t\t\t<div class=\"elementor-element elementor-element-0e381e0 elementor-widget elementor-widget-text-editor\" data-id=\"0e381e0\" data-element_type=\"widget\" data-widget_type=\"text-editor.default\">\n\t\t\t\t<div class=\"elementor-widget-container\">\n\t\t\t\t\t<div class=\"elementor-text-editor elementor-clearfix\"><p><iframe loading=\"lazy\" title=\"vimeo-player\" src=\"https:\/\/player.vimeo.com\/video\/135398819?h=24d7523c87\" width=\"640\" height=\"359\" frameborder=\"0\" allowfullscreen=\"allowfullscreen\"><\/iframe><\/p><\/div>\n\t\t\t\t<\/div>\n\t\t\t\t<\/div>\n\t\t\t\t\t<\/div>\n\t\t<\/div>\n\t\t\t\t<div class=\"elementor-column elementor-col-33 elementor-top-column elementor-element elementor-element-c3ff9a6\" data-id=\"c3ff9a6\" data-element_type=\"column\">\n\t\t\t<div class=\"elementor-widget-wrap elementor-element-populated\">\n\t\t\t\t\t\t\t\t<div class=\"elementor-element elementor-element-7e67137 elementor-widget elementor-widget-text-editor\" data-id=\"7e67137\" data-element_type=\"widget\" data-widget_type=\"text-editor.default\">\n\t\t\t\t<div class=\"elementor-widget-container\">\n\t\t\t\t\t<div class=\"elementor-text-editor elementor-clearfix\"><p><iframe loading=\"lazy\" title=\"vimeo-player\" src=\"https:\/\/player.vimeo.com\/video\/135398822?h=dec543f48f\" width=\"640\" height=\"359\" frameborder=\"0\" allowfullscreen=\"allowfullscreen\"><\/iframe><\/p><\/div>\n\t\t\t\t<\/div>\n\t\t\t\t<\/div>\n\t\t\t\t\t<\/div>\n\t\t<\/div>\n\t\t\t\t<div class=\"elementor-column elementor-col-33 elementor-top-column elementor-element elementor-element-fba1962\" data-id=\"fba1962\" data-element_type=\"column\">\n\t\t\t<div class=\"elementor-widget-wrap elementor-element-populated\">\n\t\t\t\t\t\t\t\t<div class=\"elementor-element elementor-element-63ddea2 elementor-widget elementor-widget-text-editor\" data-id=\"63ddea2\" data-element_type=\"widget\" data-widget_type=\"text-editor.default\">\n\t\t\t\t<div class=\"elementor-widget-container\">\n\t\t\t\t\t<div class=\"elementor-text-editor elementor-clearfix\"><p><iframe loading=\"lazy\" title=\"vimeo-player\" src=\"https:\/\/player.vimeo.com\/video\/135398821?h=ffb645eb17\" width=\"640\" height=\"360\" frameborder=\"0\" allowfullscreen=\"allowfullscreen\"><\/iframe><\/p><\/div>\n\t\t\t\t<\/div>\n\t\t\t\t<\/div>\n\t\t\t\t\t<\/div>\n\t\t<\/div>\n\t\t\t\t\t\t\t<\/div>\n\t\t<\/section>\n\t\t\t\t<section class=\"elementor-section elementor-top-section elementor-element elementor-element-20cbabd4 elementor-section-boxed elementor-section-height-default elementor-section-height-default\" data-id=\"20cbabd4\" data-element_type=\"section\">\n\t\t\t\t\t\t<div class=\"elementor-container elementor-column-gap-default\">\n\t\t\t\t\t<div class=\"elementor-column elementor-col-100 elementor-top-column elementor-element elementor-element-4bb7202a\" data-id=\"4bb7202a\" data-element_type=\"column\">\n\t\t\t<div class=\"elementor-widget-wrap elementor-element-populated\">\n\t\t\t\t\t\t\t\t<div class=\"elementor-element elementor-element-6bfd0faf elementor-widget elementor-widget-text-editor\" data-id=\"6bfd0faf\" data-element_type=\"widget\" data-widget_type=\"text-editor.default\">\n\t\t\t\t<div class=\"elementor-widget-container\">\n\t\t\t\t\t<div class=\"elementor-text-editor elementor-clearfix\"><p><span style=\"color: var( --e-global-color-text ); font-family: var( --e-global-typography-text-font-family ), Sans-serif; font-weight: var( --e-global-typography-text-font-weight ); background-color: var(--nv-site-bg); font-size: var(--bodyFontSize); letter-spacing: var(--bodyLetterSpacing); text-transform: var(--bodyTextTransform);\">\u00a0<\/span><\/p><p><a href=\"https:\/\/sti.hn\/wp2\/wp-content\/uploads\/2022\/03\/emulsi.png\"><img loading=\"lazy\" decoding=\"async\" class=\"size-full wp-image-1472 aligncenter\" src=\"https:\/\/sti.hn\/wp2\/wp-content\/uploads\/2022\/03\/emulsi.png\" alt=\"\" width=\"1261\" height=\"426\" srcset=\"https:\/\/sti.hn\/wp2\/wp-content\/uploads\/2022\/03\/emulsi.png 1261w, https:\/\/sti.hn\/wp2\/wp-content\/uploads\/2022\/03\/emulsi-300x101.png 300w, https:\/\/sti.hn\/wp2\/wp-content\/uploads\/2022\/03\/emulsi-1024x346.png 1024w, https:\/\/sti.hn\/wp2\/wp-content\/uploads\/2022\/03\/emulsi-768x259.png 768w, https:\/\/sti.hn\/wp2\/wp-content\/uploads\/2022\/03\/emulsi-600x203.png 600w\" sizes=\"auto, (max-width: 1261px) 100vw, 1261px\" \/><\/a><\/p><\/div>\n\t\t\t\t<\/div>\n\t\t\t\t<\/div>\n\t\t\t\t\t<\/div>\n\t\t<\/div>\n\t\t\t\t\t\t\t<\/div>\n\t\t<\/section>\n\t\t\t\t\t\t<\/div>\n\t\t\t\t\t<\/div>\n\t\t","protected":false},"excerpt":{"rendered":"<p>FineCUT es una m\u00e1quina de nueva generaci\u00f3n, dise\u00f1ada para el corte fino y emulsionado de productos c\u00e1rnicos. Est\u00e1 fabricado en acero inoxidable de alta calidad. Cumple con los criterios de higiene y seguridad m\u00e1s estrictos de las normas europeas.<\/p>\n","protected":false},"featured_media":1469,"template":"","meta":{"neve_meta_sidebar":"","neve_meta_container":"","neve_meta_enable_content_width":"off","neve_meta_content_width":100,"neve_meta_title_alignment":"","neve_meta_author_avatar":"","neve_post_elements_order":"","neve_meta_disable_header":"","neve_meta_disable_footer":"","neve_meta_disable_title":""},"class_list":["post-1467","product","type-product","status-publish","has-post-thumbnail","hentry","product_cat-emulsificadores"],"_links":{"self":[{"href":"https:\/\/sti.hn\/wp2\/wp-json\/wp\/v2\/product\/1467","targetHints":{"allow":["GET"]}}],"collection":[{"href":"https:\/\/sti.hn\/wp2\/wp-json\/wp\/v2\/product"}],"about":[{"href":"https:\/\/sti.hn\/wp2\/wp-json\/wp\/v2\/types\/product"}],"version-history":[{"count":10,"href":"https:\/\/sti.hn\/wp2\/wp-json\/wp\/v2\/product\/1467\/revisions"}],"predecessor-version":[{"id":1483,"href":"https:\/\/sti.hn\/wp2\/wp-json\/wp\/v2\/product\/1467\/revisions\/1483"}],"wp:featuredmedia":[{"embeddable":true,"href":"https:\/\/sti.hn\/wp2\/wp-json\/wp\/v2\/media\/1469"}],"wp:attachment":[{"href":"https:\/\/sti.hn\/wp2\/wp-json\/wp\/v2\/media?parent=1467"}],"curies":[{"name":"wp","href":"https:\/\/api.w.org\/{rel}","templated":true}]}}