{"id":1561,"date":"2022-04-17T15:59:34","date_gmt":"2022-04-17T15:59:34","guid":{"rendered":"https:\/\/sti.hn\/wp2\/?post_type=product&#038;p=1561"},"modified":"2024-09-29T16:58:08","modified_gmt":"2024-09-29T16:58:08","slug":"miniflow-380-3","status":"publish","type":"product","link":"https:\/\/sti.hn\/wp2\/producto\/miniflow-380-3\/","title":{"rendered":"MINIFLOW 380"},"content":{"rendered":"\t\t<div data-elementor-type=\"wp-post\" data-elementor-id=\"1561\" class=\"elementor elementor-1561\" data-elementor-settings=\"[]\">\n\t\t\t\t\t\t\t<div class=\"elementor-section-wrap\">\n\t\t\t\t\t\t\t<section class=\"elementor-section elementor-top-section elementor-element elementor-element-7062934b elementor-section-boxed elementor-section-height-default elementor-section-height-default\" data-id=\"7062934b\" data-element_type=\"section\">\n\t\t\t\t\t\t<div class=\"elementor-container elementor-column-gap-default\">\n\t\t\t\t\t<div class=\"elementor-column elementor-col-100 elementor-top-column elementor-element elementor-element-55dbf08c\" data-id=\"55dbf08c\" data-element_type=\"column\">\n\t\t\t<div class=\"elementor-widget-wrap elementor-element-populated\">\n\t\t\t\t\t\t\t\t<div class=\"elementor-element elementor-element-50ba9d71 elementor-widget elementor-widget-text-editor\" data-id=\"50ba9d71\" data-element_type=\"widget\" data-widget_type=\"text-editor.default\">\n\t\t\t\t<div class=\"elementor-widget-container\">\n\t\t\t\t\t<div class=\"elementor-text-editor elementor-clearfix\"><h4 class=\"h4\">CARACTER\u00cdSTICAS T\u00c9CNICAS<\/h4>\n<div class=\"table-area\">\n<div class=\"table-holder exp3\">\n<table style=\"height: 399px;\" width=\"784\">\n<tbody>\n<tr>\n<td class=\"col1\">Alimentaci\u00f3n el\u00e9ctrica<\/td>\n<td class=\"col2\">V<\/td>\n<td class=\"col2\">220<\/td>\n<\/tr>\n<tr class=\"even\">\n<td class=\"col1\">Fase<\/td>\n<td class=\"col2\">ph<\/td>\n<td class=\"col2\">1<\/td>\n<\/tr>\n<tr>\n<td class=\"col1\">Potencia el\u00e9ctrica<\/td>\n<td class=\"col2\">kW<\/td>\n<td class=\"col2\">2<\/td>\n<\/tr>\n<tr class=\"even\">\n<td class=\"col1\">Consumo el\u00e9ctrico<\/td>\n<td class=\"col2\">kWh<\/td>\n<td class=\"col2\">1,8<\/td>\n<\/tr>\n<tr>\n<td class=\"col1\">Producci\u00f3n horaria<\/td>\n<td class=\"col2\">p\/h (pph)<\/td>\n<td class=\"col2\">Hasta 4800<\/td>\n<\/tr>\n<tr class=\"even\">\n<td class=\"col1\">Barra selladora<\/td>\n<td class=\"col2\">mm<\/td>\n<td class=\"col2\">160<\/td>\n<\/tr>\n<tr>\n<td class=\"col1\">Peso M\u00c1X. del producto<\/td>\n<td class=\"col2\">g<\/td>\n<td class=\"col2\">500<\/td>\n<\/tr>\n<tr class=\"even\">\n<td class=\"col1\">Altura M\u00c1X. del producto<\/td>\n<td class=\"col2\">mm<\/td>\n<td class=\"col2\">75<\/td>\n<\/tr>\n<tr>\n<td class=\"col1\">Longitud M\u00c1X. del producto<\/td>\n<td class=\"col2\">mm<\/td>\n<td class=\"col2\">500<\/td>\n<\/tr>\n<tr class=\"even\">\n<td class=\"col1\">Dimensi\u00f3n M\u00c1X. Di\u00e1metro de la bobina<\/td>\n<td class=\"col2\">mm<\/td>\n<td class=\"col2\">350<\/td>\n<\/tr>\n<tr>\n<td class=\"col1\">Dimensiones M\u00c1X. de la banda de la bobina<\/td>\n<td class=\"col2\">mm<\/td>\n<td class=\"col2\">380<\/td>\n<\/tr>\n<tr class=\"even\">\n<td class=\"col1\">Altura de la superficie de trabajo<\/td>\n<td class=\"col2\">mm<\/td>\n<td class=\"col2\">800\/950<\/td>\n<\/tr>\n<tr>\n<td class=\"col1\">Dimensiones de la m\u00e1quina<\/td>\n<td class=\"col2\">mm<\/td>\n<td class=\"col2\">2200x800x h.1800<\/td>\n<\/tr>\n<tr class=\"even\">\n<td class=\"col1\">Peso de la m\u00e1quina<\/td>\n<td class=\"col2\">kg<\/td>\n<td class=\"col2\">320<\/td>\n<\/tr>\n<\/tbody>\n<\/table>\n<\/div>\n&nbsp;\n\n<\/div><\/div>\n\t\t\t\t<\/div>\n\t\t\t\t<\/div>\n\t\t\t\t\t<\/div>\n\t\t<\/div>\n\t\t\t\t\t\t\t<\/div>\n\t\t<\/section>\n\t\t\t\t<section class=\"elementor-section elementor-top-section elementor-element elementor-element-d87bbaf elementor-section-boxed elementor-section-height-default elementor-section-height-default\" data-id=\"d87bbaf\" data-element_type=\"section\">\n\t\t\t\t\t\t<div class=\"elementor-container elementor-column-gap-default\">\n\t\t\t\t\t<div class=\"elementor-column elementor-col-100 elementor-top-column elementor-element elementor-element-10aac80\" data-id=\"10aac80\" data-element_type=\"column\">\n\t\t\t<div class=\"elementor-widget-wrap elementor-element-populated\">\n\t\t\t\t\t\t\t\t<div class=\"elementor-element elementor-element-a45e64d elementor-aspect-ratio-169 elementor-widget elementor-widget-video\" data-id=\"a45e64d\" data-element_type=\"widget\" data-settings=\"{&quot;youtube_url&quot;:&quot;https:\\\/\\\/www.youtube.com\\\/watch?v=CmrXzuyimEU&quot;,&quot;video_type&quot;:&quot;youtube&quot;,&quot;controls&quot;:&quot;yes&quot;,&quot;aspect_ratio&quot;:&quot;169&quot;}\" data-widget_type=\"video.default\">\n\t\t\t\t<div class=\"elementor-widget-container\">\n\t\t\t\t\t<div class=\"elementor-wrapper elementor-fit-aspect-ratio elementor-open-inline\">\n\t\t\t<div class=\"elementor-video\"><\/div>\t\t<\/div>\n\t\t\t\t<\/div>\n\t\t\t\t<\/div>\n\t\t\t\t\t<\/div>\n\t\t<\/div>\n\t\t\t\t\t\t\t<\/div>\n\t\t<\/section>\n\t\t\t\t\t\t<\/div>\n\t\t\t\t\t<\/div>\n\t\t","protected":false},"excerpt":{"rendered":"<p class=\"h5\">ENVASADORA FLOWPACK COMPLETAMENTE ELECTRONICA<\/p>\n<p>Envasadora flowpack<\/p>\n<div class=\"page-text\">\n<p>Dise\u00f1ada para simplificar al m\u00e1ximo al cliente las operaciones de mantenimiento y limpieza.<\/p>\n<p>Gracias a los\u00a0<strong>3 motores Brushless\u00a0<\/strong>de elevado rendimiento y a su\u00a0<strong>panel de pantalla t\u00e1ctil de 7\u2033<\/strong>, le garantizar\u00e1 la m\u00e1xima versatilidad en los cambios de formato y, por tanto, una gran simplicidad en las operaciones de envasado.<\/p>\n<p>Puede envasar productos de banda de\u00a0<strong>160 mm m\u00e1x<\/strong>., y puede alcanzar los\u00a0<strong>80 paquetes al minuto.<\/strong>\u00a0Con una \u00f3ptima relaci\u00f3n calidad\/precio, esta envasadora es un aglomerado de calidad y tecnolog\u00eda y garantiza una gran fiabilidad.<\/p>\n<p>Esta m\u00e1quina es adecuada para el envasado de: Bollos, pasteles, caramelos, bombones, chocolate, productos farmac\u00e9uticos, objetos varios, etc.<\/p>\n<p>La envasadora\u00a0<strong>Miniflow 380<\/strong>\u00a0puede equiparse con innumerables accesorios.<\/p>\n<\/div>\n","protected":false},"featured_media":839,"template":"","meta":{"neve_meta_sidebar":"","neve_meta_container":"","neve_meta_enable_content_width":"off","neve_meta_content_width":100,"neve_meta_title_alignment":"","neve_meta_author_avatar":"","neve_post_elements_order":"","neve_meta_disable_header":"","neve_meta_disable_footer":"","neve_meta_disable_title":""},"class_list":["post-1561","product","type-product","status-publish","has-post-thumbnail","hentry","product_cat-panificacion"],"_links":{"self":[{"href":"https:\/\/sti.hn\/wp2\/wp-json\/wp\/v2\/product\/1561","targetHints":{"allow":["GET"]}}],"collection":[{"href":"https:\/\/sti.hn\/wp2\/wp-json\/wp\/v2\/product"}],"about":[{"href":"https:\/\/sti.hn\/wp2\/wp-json\/wp\/v2\/types\/product"}],"version-history":[{"count":4,"href":"https:\/\/sti.hn\/wp2\/wp-json\/wp\/v2\/product\/1561\/revisions"}],"predecessor-version":[{"id":1565,"href":"https:\/\/sti.hn\/wp2\/wp-json\/wp\/v2\/product\/1561\/revisions\/1565"}],"wp:featuredmedia":[{"embeddable":true,"href":"https:\/\/sti.hn\/wp2\/wp-json\/wp\/v2\/media\/839"}],"wp:attachment":[{"href":"https:\/\/sti.hn\/wp2\/wp-json\/wp\/v2\/media?parent=1561"}],"curies":[{"name":"wp","href":"https:\/\/api.w.org\/{rel}","templated":true}]}}