{"id":2079,"date":"2022-08-30T00:19:55","date_gmt":"2022-08-30T00:19:55","guid":{"rendered":"https:\/\/sti.hn\/wp2\/?post_type=product&#038;p=2079"},"modified":"2024-09-29T16:55:46","modified_gmt":"2024-09-29T16:55:46","slug":"tb3","status":"publish","type":"product","link":"https:\/\/sti.hn\/wp2\/producto\/tb3\/","title":{"rendered":"TB3"},"content":{"rendered":"\t\t<div data-elementor-type=\"wp-post\" data-elementor-id=\"2079\" class=\"elementor elementor-2079\" data-elementor-settings=\"[]\">\n\t\t\t\t\t\t\t<div class=\"elementor-section-wrap\">\n\t\t\t\t\t\t\t<section class=\"elementor-section elementor-top-section elementor-element elementor-element-29b3881b elementor-section-boxed elementor-section-height-default elementor-section-height-default\" data-id=\"29b3881b\" data-element_type=\"section\">\n\t\t\t\t\t\t<div class=\"elementor-container elementor-column-gap-default\">\n\t\t\t\t\t<div class=\"elementor-column elementor-col-100 elementor-top-column elementor-element elementor-element-7d86ffb3\" data-id=\"7d86ffb3\" data-element_type=\"column\">\n\t\t\t<div class=\"elementor-widget-wrap elementor-element-populated\">\n\t\t\t\t\t\t\t\t<div class=\"elementor-element elementor-element-61bd704 elementor-widget elementor-widget-text-editor\" data-id=\"61bd704\" data-element_type=\"widget\" data-widget_type=\"text-editor.default\">\n\t\t\t\t<div class=\"elementor-widget-container\">\n\t\t\t\t\t<div class=\"elementor-text-editor elementor-clearfix\"><p><span style=\"color: #000000;\">Equipo para el envasado de bandejas termosellables con inyecci\u00f3n\/barrido de gas<\/span><br \/><span style=\"color: #000000;\"><strong>Caracter\u00edsticas<\/strong><\/span><br \/><span style=\"color: #000000;\">-Construcci\u00f3n 100% en acero inoxidable (aisi304) y aluminio anodizado<\/span><br \/><span style=\"color: #000000;\">-Dise\u00f1o robusto y compacto, construcci\u00f3n de sobremesa<\/span><br \/><span style=\"color: #000000;\">-Moldes de bandeja intercambiables para la operativa con diferentes formatos<\/span><br \/><span style=\"color: #000000;\">-Tama\u00f1o m\u00e1ximo de molde; para bandejas de 325 x 265 x 120mm<\/span><br \/><span style=\"color: #000000;\">-Film superior con sistema de tensado y corte en el per\u00edmetro de la bandeja<\/span><br \/><span style=\"color: #000000;\">-Panel de control f\u00e1cil e intuitivo, con 10 programas memorizables<\/span><br \/><span style=\"color: #000000;\">-Porcentaje y presi\u00f3n de entrada de la inyecci\u00f3n de gas programables<\/span><br \/><span style=\"color: #000000;\">-Soldadura en bandeja programable por tiempo, ajustable a cada material de bobina<\/span><\/p><p><span style=\"color: #000000;\"><strong>Datos t\u00e9cnicos<\/strong><\/span><br \/><span style=\"color: #000000;\">Dimensiones exteriores 560 x 580 x 660 mm. (ancho x fondo x alto)<\/span><br \/><span style=\"color: #000000;\">Dimensiones m\u00e1ximas molde Para bandejas \u00bd Gr. 325 x 265 mm.<\/span><br \/><span style=\"color: #000000;\">Potencia el\u00e9ctrica 0\u20195 Kw<\/span><br \/><span style=\"color: #000000;\">Conexi\u00f3n el\u00e9ctrica 1F -220V<\/span><br \/><span style=\"color: #000000;\">Conexi\u00f3n neum\u00e1tica 6 Bar<\/span><br \/><span style=\"color: #000000;\">La m\u00e1quina est\u00e1ndar incluye un molde de dise\u00f1o a elecci\u00f3n del cliente<\/span><br \/><span style=\"color: #000000;\">Fabricaci\u00f3n de moldes a medida de cada bandeja. Medida m\u00e1xima 265 x 325 x 150 mm<\/span><\/p><p><a href=\"https:\/\/sti.hn\/wp2\/wp-content\/uploads\/2022\/08\/dtstec-1.png\"><img loading=\"lazy\" decoding=\"async\" class=\"aligncenter wp-image-2081\" src=\"https:\/\/sti.hn\/wp2\/wp-content\/uploads\/2022\/08\/dtstec-1-300x267.png\" alt=\"\" width=\"500\" height=\"444\" srcset=\"https:\/\/sti.hn\/wp2\/wp-content\/uploads\/2022\/08\/dtstec-1-300x267.png 300w, https:\/\/sti.hn\/wp2\/wp-content\/uploads\/2022\/08\/dtstec-1-1024x910.png 1024w, https:\/\/sti.hn\/wp2\/wp-content\/uploads\/2022\/08\/dtstec-1-768x683.png 768w, https:\/\/sti.hn\/wp2\/wp-content\/uploads\/2022\/08\/dtstec-1-600x533.png 600w, https:\/\/sti.hn\/wp2\/wp-content\/uploads\/2022\/08\/dtstec-1.png 1458w\" sizes=\"auto, (max-width: 500px) 100vw, 500px\" \/><\/a><\/p><\/div>\n\t\t\t\t<\/div>\n\t\t\t\t<\/div>\n\t\t\t\t\t<\/div>\n\t\t<\/div>\n\t\t\t\t\t\t\t<\/div>\n\t\t<\/section>\n\t\t\t\t<section class=\"elementor-section elementor-top-section elementor-element elementor-element-9e9f391 elementor-section-boxed elementor-section-height-default elementor-section-height-default\" data-id=\"9e9f391\" data-element_type=\"section\">\n\t\t\t\t\t\t<div class=\"elementor-container elementor-column-gap-default\">\n\t\t\t\t\t<div class=\"elementor-column elementor-col-25 elementor-top-column elementor-element elementor-element-15c2c29\" data-id=\"15c2c29\" data-element_type=\"column\">\n\t\t\t<div class=\"elementor-widget-wrap elementor-element-populated\">\n\t\t\t\t\t\t\t\t<div class=\"elementor-element elementor-element-eff2e9b elementor-aspect-ratio-169 elementor-widget elementor-widget-video\" data-id=\"eff2e9b\" data-element_type=\"widget\" data-settings=\"{&quot;youtube_url&quot;:&quot;https:\\\/\\\/www.youtube.com\\\/watch?v=RAUqz-pdJH0&amp;feature=emb_title&quot;,&quot;video_type&quot;:&quot;youtube&quot;,&quot;controls&quot;:&quot;yes&quot;,&quot;aspect_ratio&quot;:&quot;169&quot;}\" data-widget_type=\"video.default\">\n\t\t\t\t<div class=\"elementor-widget-container\">\n\t\t\t\t\t<div class=\"elementor-wrapper elementor-fit-aspect-ratio elementor-open-inline\">\n\t\t\t<div class=\"elementor-video\"><\/div>\t\t<\/div>\n\t\t\t\t<\/div>\n\t\t\t\t<\/div>\n\t\t\t\t\t<\/div>\n\t\t<\/div>\n\t\t\t\t<div class=\"elementor-column elementor-col-25 elementor-top-column elementor-element elementor-element-d049d6b\" data-id=\"d049d6b\" data-element_type=\"column\">\n\t\t\t<div class=\"elementor-widget-wrap elementor-element-populated\">\n\t\t\t\t\t\t\t\t<div class=\"elementor-element elementor-element-ee27fab elementor-aspect-ratio-169 elementor-widget elementor-widget-video\" data-id=\"ee27fab\" data-element_type=\"widget\" data-settings=\"{&quot;youtube_url&quot;:&quot;https:\\\/\\\/www.youtube.com\\\/watch?v=gmBQgk3bUSo&quot;,&quot;video_type&quot;:&quot;youtube&quot;,&quot;controls&quot;:&quot;yes&quot;,&quot;aspect_ratio&quot;:&quot;169&quot;}\" data-widget_type=\"video.default\">\n\t\t\t\t<div class=\"elementor-widget-container\">\n\t\t\t\t\t<div class=\"elementor-wrapper elementor-fit-aspect-ratio elementor-open-inline\">\n\t\t\t<div class=\"elementor-video\"><\/div>\t\t<\/div>\n\t\t\t\t<\/div>\n\t\t\t\t<\/div>\n\t\t\t\t\t<\/div>\n\t\t<\/div>\n\t\t\t\t<div class=\"elementor-column elementor-col-25 elementor-top-column elementor-element elementor-element-6ee19d5\" data-id=\"6ee19d5\" data-element_type=\"column\">\n\t\t\t<div class=\"elementor-widget-wrap elementor-element-populated\">\n\t\t\t\t\t\t\t\t<div class=\"elementor-element elementor-element-f5dd7fe elementor-aspect-ratio-169 elementor-widget elementor-widget-video\" data-id=\"f5dd7fe\" data-element_type=\"widget\" data-settings=\"{&quot;youtube_url&quot;:&quot;https:\\\/\\\/www.youtube.com\\\/watch?v=y-DToQVGqpE&quot;,&quot;video_type&quot;:&quot;youtube&quot;,&quot;controls&quot;:&quot;yes&quot;,&quot;aspect_ratio&quot;:&quot;169&quot;}\" data-widget_type=\"video.default\">\n\t\t\t\t<div class=\"elementor-widget-container\">\n\t\t\t\t\t<div class=\"elementor-wrapper elementor-fit-aspect-ratio elementor-open-inline\">\n\t\t\t<div class=\"elementor-video\"><\/div>\t\t<\/div>\n\t\t\t\t<\/div>\n\t\t\t\t<\/div>\n\t\t\t\t\t<\/div>\n\t\t<\/div>\n\t\t\t\t<div class=\"elementor-column elementor-col-25 elementor-top-column elementor-element elementor-element-5e730fc\" data-id=\"5e730fc\" data-element_type=\"column\">\n\t\t\t<div class=\"elementor-widget-wrap elementor-element-populated\">\n\t\t\t\t\t\t\t\t<div class=\"elementor-element elementor-element-42e62ab elementor-aspect-ratio-169 elementor-widget elementor-widget-video\" data-id=\"42e62ab\" data-element_type=\"widget\" data-settings=\"{&quot;youtube_url&quot;:&quot;https:\\\/\\\/www.youtube.com\\\/watch?v=j4lr77czCtw&quot;,&quot;video_type&quot;:&quot;youtube&quot;,&quot;controls&quot;:&quot;yes&quot;,&quot;aspect_ratio&quot;:&quot;169&quot;}\" data-widget_type=\"video.default\">\n\t\t\t\t<div class=\"elementor-widget-container\">\n\t\t\t\t\t<div class=\"elementor-wrapper elementor-fit-aspect-ratio elementor-open-inline\">\n\t\t\t<div class=\"elementor-video\"><\/div>\t\t<\/div>\n\t\t\t\t<\/div>\n\t\t\t\t<\/div>\n\t\t\t\t\t<\/div>\n\t\t<\/div>\n\t\t\t\t\t\t\t<\/div>\n\t\t<\/section>\n\t\t\t\t\t\t<\/div>\n\t\t\t\t\t<\/div>\n\t\t","protected":false},"excerpt":{"rendered":"<p>Construcci\u00f3n 100% en acero inoxidable.<br \/>\nDise\u00f1o robusto y compacto, construcci\u00f3n de sobremesa.<br \/>\nFabricaci\u00f3n de moldes a medida de cada bandeja.<br \/>\nPanel de control f\u00e1cil e intuitivo.<\/p>\n","protected":false},"featured_media":2080,"template":"","meta":{"neve_meta_sidebar":"","neve_meta_container":"","neve_meta_enable_content_width":"off","neve_meta_content_width":100,"neve_meta_title_alignment":"","neve_meta_author_avatar":"","neve_post_elements_order":"","neve_meta_disable_header":"","neve_meta_disable_footer":"","neve_meta_disable_title":""},"class_list":["post-2079","product","type-product","status-publish","has-post-thumbnail","hentry","product_cat-term"],"_links":{"self":[{"href":"https:\/\/sti.hn\/wp2\/wp-json\/wp\/v2\/product\/2079","targetHints":{"allow":["GET"]}}],"collection":[{"href":"https:\/\/sti.hn\/wp2\/wp-json\/wp\/v2\/product"}],"about":[{"href":"https:\/\/sti.hn\/wp2\/wp-json\/wp\/v2\/types\/product"}],"version-history":[{"count":7,"href":"https:\/\/sti.hn\/wp2\/wp-json\/wp\/v2\/product\/2079\/revisions"}],"predecessor-version":[{"id":2114,"href":"https:\/\/sti.hn\/wp2\/wp-json\/wp\/v2\/product\/2079\/revisions\/2114"}],"wp:featuredmedia":[{"embeddable":true,"href":"https:\/\/sti.hn\/wp2\/wp-json\/wp\/v2\/media\/2080"}],"wp:attachment":[{"href":"https:\/\/sti.hn\/wp2\/wp-json\/wp\/v2\/media?parent=2079"}],"curies":[{"name":"wp","href":"https:\/\/api.w.org\/{rel}","templated":true}]}}