{"id":326,"date":"2021-08-27T19:24:33","date_gmt":"2021-08-27T19:24:33","guid":{"rendered":"https:\/\/sti.hn\/wp2\/wp3\/?post_type=product&#038;p=230"},"modified":"2024-09-29T17:05:28","modified_gmt":"2024-09-29T17:05:28","slug":"f7","status":"publish","type":"product","link":"https:\/\/sti.hn\/wp2\/producto\/f7\/","title":{"rendered":"EMBUTIDORA CONTINUA AL VACIO F7"},"content":{"rendered":"\t\t<div data-elementor-type=\"wp-post\" data-elementor-id=\"326\" class=\"elementor elementor-326\" data-elementor-settings=\"[]\">\n\t\t\t\t\t\t\t<div class=\"elementor-section-wrap\">\n\t\t\t\t\t\t\t<section class=\"elementor-section elementor-top-section elementor-element elementor-element-314c3477 elementor-section-boxed elementor-section-height-default elementor-section-height-default\" data-id=\"314c3477\" data-element_type=\"section\">\n\t\t\t\t\t\t<div class=\"elementor-container elementor-column-gap-default\">\n\t\t\t\t\t<div class=\"elementor-column elementor-col-100 elementor-top-column elementor-element elementor-element-7d328a26\" data-id=\"7d328a26\" data-element_type=\"column\">\n\t\t\t<div class=\"elementor-widget-wrap elementor-element-populated\">\n\t\t\t\t\t\t\t\t<div class=\"elementor-element elementor-element-6c5df7e4 elementor-widget elementor-widget-text-editor\" data-id=\"6c5df7e4\" data-element_type=\"widget\" data-widget_type=\"text-editor.default\">\n\t\t\t\t<div class=\"elementor-widget-container\">\n\t\t\t\t\t<div class=\"elementor-text-editor elementor-clearfix\"><h2>INFORMACI\u00d3N T\u00c9CNICA<\/h2>\r\n<table style=\"height: 310px; background: #F2F2F2;\" border=\"1\" width=\"775\">\r\n<thead>\r\n<tr>\r\n<th>DATOS T\u00c9CNICOS<\/th>\r\n<th>UM<\/th>\r\n<th><\/th>\r\n<\/tr>\r\n<\/thead>\r\n<tbody>\r\n<tr>\r\n<td>Capacidad tolva<\/td>\r\n<td>lt<\/td>\r\n<td>90\/160<\/td>\r\n<\/tr>\r\n<tr>\r\n<td>Motor principal<\/td>\r\n<td>kW<\/td>\r\n<td>3,75<\/td>\r\n<\/tr>\r\n<tr>\r\n<td>Motor elevador<\/td>\r\n<td>kW<\/td>\r\n<td>0,75<\/td>\r\n<\/tr>\r\n<tr>\r\n<td>Producci\u00f3n Max<\/td>\r\n<td>kg\/h<\/td>\r\n<td>2300<\/td>\r\n<\/tr>\r\n<tr>\r\n<td>Porcionador<\/td>\r\n<td>g<\/td>\r\n<td>5-10000<\/td>\r\n<\/tr>\r\n<tr>\r\n<td>Velocidad de porcionador<\/td>\r\n<td>n\/min<\/td>\r\n<td>150<\/td>\r\n<\/tr>\r\n<tr>\r\n<td><\/td>\r\n<td>n\/max<\/td>\r\n<td>300<\/td>\r\n<\/tr>\r\n<tr>\r\n<td>Peso<\/td>\r\n<td>kg<\/td>\r\n<td>315<\/td>\r\n<\/tr>\r\n<tr>\r\n<td>Peso con elevador<\/td>\r\n<td>kg<\/td>\r\n<td>420<\/td>\r\n<\/tr>\r\n<\/tbody>\r\n<\/table><\/div>\n\t\t\t\t<\/div>\n\t\t\t\t<\/div>\n\t\t\t\t\t<\/div>\n\t\t<\/div>\n\t\t\t\t\t\t\t<\/div>\n\t\t<\/section>\n\t\t\t\t\t\t<\/div>\n\t\t\t\t\t<\/div>\n\t\t","protected":false},"excerpt":{"rendered":"<p>EMBUTIDORA CONTINUA AL VACIO F7 La embutidora continua al vac\u00edo Mod. F6 es la m\u00e1quina compacta ideal para la peque\u00f1a y media industria c\u00e1rnica. Construcci\u00f3n robusta completamente en acero inoxidable. Superficies lisas y ausente de esquinas para una r\u00e1pida y eficaz limpieza. La precisi\u00f3n de fabricaci\u00f3n de todos los componentes de la bomba (de 8 o 12 palas) de acero de alta resistencia garantiza un trato delicado del producto y una elevada resistencia al uso. Un motor as\u00edncrono standard que es controlado por un invertidor y un panel de control programable por un sistema de mandos por pantalla t\u00e1ctil Touch Screen, extremadamente sencillo hacen que esta maquina sea segura, f\u00e1cil de usar y mantener. El conjunto de la bomba al vac\u00edo de 20 m3 y el alimentador m\u00e1s el contra-alimentador en la tolva, aseguran un embutido compacto y falto de aire en productos duros y a baja temperatura. Posibilidad de instalar un elevador hidr\u00e1ulico para carros de 90 o 120 litros. Tolva de carga de 90 o 160 litros. Sistema de protecci\u00f3n (contra accidentes) asegurado por sensores controlados por una centralita electr\u00f3nica de m\u00e1xima seguridad. M\u00e1quina conforme a las normas comunitarias.<\/p>\n","protected":false},"featured_media":1093,"template":"","meta":{"neve_meta_sidebar":"","neve_meta_container":"","neve_meta_enable_content_width":"off","neve_meta_content_width":100,"neve_meta_title_alignment":"","neve_meta_author_avatar":"","neve_post_elements_order":"","neve_meta_disable_header":"","neve_meta_disable_footer":"","neve_meta_disable_title":""},"class_list":["post-326","product","type-product","status-publish","has-post-thumbnail","hentry","product_cat-embutidora"],"_links":{"self":[{"href":"https:\/\/sti.hn\/wp2\/wp-json\/wp\/v2\/product\/326","targetHints":{"allow":["GET"]}}],"collection":[{"href":"https:\/\/sti.hn\/wp2\/wp-json\/wp\/v2\/product"}],"about":[{"href":"https:\/\/sti.hn\/wp2\/wp-json\/wp\/v2\/types\/product"}],"version-history":[{"count":6,"href":"https:\/\/sti.hn\/wp2\/wp-json\/wp\/v2\/product\/326\/revisions"}],"predecessor-version":[{"id":1706,"href":"https:\/\/sti.hn\/wp2\/wp-json\/wp\/v2\/product\/326\/revisions\/1706"}],"wp:featuredmedia":[{"embeddable":true,"href":"https:\/\/sti.hn\/wp2\/wp-json\/wp\/v2\/media\/1093"}],"wp:attachment":[{"href":"https:\/\/sti.hn\/wp2\/wp-json\/wp\/v2\/media?parent=326"}],"curies":[{"name":"wp","href":"https:\/\/api.w.org\/{rel}","templated":true}]}}