{"id":327,"date":"2021-08-27T19:48:51","date_gmt":"2021-08-27T19:48:51","guid":{"rendered":"https:\/\/sti.hn\/wp2\/wp3\/?post_type=product&#038;p=238"},"modified":"2024-09-29T17:05:08","modified_gmt":"2024-09-29T17:05:08","slug":"vliesex-v-460n","status":"publish","type":"product","link":"https:\/\/sti.hn\/wp2\/producto\/vliesex-v-460n\/","title":{"rendered":"VLIESEX V 460N"},"content":{"rendered":"\t\t<div data-elementor-type=\"wp-post\" data-elementor-id=\"327\" class=\"elementor elementor-327\" data-elementor-settings=\"[]\">\n\t\t\t\t\t\t\t<div class=\"elementor-section-wrap\">\n\t\t\t\t\t\t\t<section class=\"elementor-section elementor-top-section elementor-element elementor-element-78fedab2 elementor-section-boxed elementor-section-height-default elementor-section-height-default\" data-id=\"78fedab2\" data-element_type=\"section\">\n\t\t\t\t\t\t<div class=\"elementor-container elementor-column-gap-default\">\n\t\t\t\t\t<div class=\"elementor-column elementor-col-100 elementor-top-column elementor-element elementor-element-678cad84\" data-id=\"678cad84\" data-element_type=\"column\">\n\t\t\t<div class=\"elementor-widget-wrap elementor-element-populated\">\n\t\t\t\t\t\t\t\t<div class=\"elementor-element elementor-element-57c3dd2b elementor-widget elementor-widget-text-editor\" data-id=\"57c3dd2b\" data-element_type=\"widget\" data-widget_type=\"text-editor.default\">\n\t\t\t\t<div class=\"elementor-widget-container\">\n\t\t\t\t\t<div class=\"elementor-text-editor elementor-clearfix\"><div id=\"anchor_dd78e1dc_caracter--sticas-y-gama-de-uso\" class=\"elementHeadline elementHeadline_var0\">\r\n<h3>CARACTER\u00cdSTICAS Y GAMA DE USO<\/h3>\r\n<\/div>\r\n<div class=\"elementStandard elementContent elementTable\">\r\n<table style=\"background: #F5F5F5;\" border=\"1\"><colgroup> <col \/> <col \/><\/colgroup>\r\n<tbody>\r\n<tr>\r\n<td class=\"highlighted\">Ancho de operaci\u00f3n:<\/td>\r\n<td>430 mm<\/td>\r\n<\/tr>\r\n<tr>\r\n<td class=\"highlighted\">Velocidad de cortar:<\/td>\r\n<td>37 m\/min<\/td>\r\n<\/tr>\r\n<tr>\r\n<td class=\"highlighted\">Particularidades:<\/td>\r\n<td>\r\n<ul>\r\n \t<li>Desmembranadora particularmente favorable en precio con alta velocidad de operaci\u00f3n y rendimiento supremo<\/li>\r\n \t<li>Construcci\u00f3n apropiada para la industria<\/li>\r\n<\/ul>\r\n<\/td>\r\n<\/tr>\r\n<tr>\r\n<td class=\"highlighted\">Gama de uso:<\/td>\r\n<td>Para desmembranar carne de cerdo, vacuno, ternera, cordero, pavo, caza, aves<\/td>\r\n<\/tr>\r\n<\/tbody>\r\n<\/table>\r\n<\/div>\r\n<div id=\"anchor_3510e1d3_equipamiento-est--ndar\" class=\"elementHeadline elementHeadline_var0\">\r\n<h3>EQUIPAMIENTO EST\u00c1NDAR<\/h3>\r\n<\/div>\r\n<div class=\"elementText elementText_var0 elementTextListStyle_var0\">\r\n<ul>\r\n \t<li>Carcasa trapezial para m\u00e1xima estabilidad al atravesar desnivelaciones del suelo<\/li>\r\n \t<li>Rodillo de transporte de alta precisi\u00f3n sin ranuras circunferenciales y porta-cuchilla amortiguado por muelles para m\u00ednimas p\u00e9rdidas del producto caro<\/li>\r\n \t<li>El rodillo de limpieza din\u00e1mico de acero inoxidable, rotando en sentido opuesto y\u00a0<strong>el sistema de limpieza NOCK Air-Jet con aire comprimido<\/strong>\u00a0mantienen limpio al rodillo de transporte durante el proceso. De esta manera agarre fiable, operaci\u00f3n f\u00e1cil y r\u00e1pida e higiene operacional muy alta<\/li>\r\n \t<li>Porta-cuchilla con tornillos imperdibles<\/li>\r\n \t<li>Ajuste fino de brecha de cuchilla para productos con membrana gruesa (p. ej. de vacuno)<\/li>\r\n \t<li>Reductor de presi\u00f3n ajustable<\/li>\r\n \t<li>Contenedor para lo cortado llevable desde delante y desde atr\u00e1s<\/li>\r\n \t<li>Interruptor de pedal ergon\u00f3mico, ajustable en altura<\/li>\r\n \t<li><a title=\"NOCK POWER PLATES\u00ae\" href=\"https:\/\/www.nock-gmbh.com\/es\/warum-nock\/nock-power-plates.php\">NOCK POWER PLATES\u00ae<\/a> de 15 de grosor dentro de la carcasa, para precisi\u00f3n continua y servicio f\u00e1cil<\/li>\r\n \t<li>Interruptor de seguridad de la mesa<\/li>\r\n \t<li>Ruedas direccionales con frenos<\/li>\r\n \t<li>Acero inoxidable<\/li>\r\n<\/ul>\r\n<\/div>\r\n<div id=\"anchor_e61e63f4_Datos-t--cnicos\" class=\"elementHeadline elementHeadline_var0\">\r\n<h3 style=\"text-align: center;\">DATOS T\u00c9CNICOS<\/h3>\r\n<\/div>\r\n<div class=\"elementStandard elementContent elementTable\">\r\n<table style=\"background: #F5F5F5;\" border=\"1\" width=\"760\"><colgroup> <col \/> <col \/><\/colgroup>\r\n<thead>\r\n<tr>\r\n<th class=\"highlighted\"><\/th>\r\n<th>Vliesex V 460N<\/th>\r\n<\/tr>\r\n<\/thead>\r\n<tbody>\r\n<tr>\r\n<td class=\"highlighted\">Ancho de operaci\u00f3n<\/td>\r\n<td>430 mm<\/td>\r\n<\/tr>\r\n<tr>\r\n<td class=\"highlighted\">Velocidad de cortar<\/td>\r\n<td>37 m\/min<\/td>\r\n<\/tr>\r\n<tr>\r\n<td class=\"highlighted\">Dimensiones totales Ancho x Alt. x Profund.<\/td>\r\n<td>750 x 970 x 700 mm<\/td>\r\n<\/tr>\r\n<tr>\r\n<td class=\"highlighted\">Peso<\/td>\r\n<td>150 kg<\/td>\r\n<\/tr>\r\n<tr>\r\n<td class=\"highlighted\">Potencia del motor<\/td>\r\n<td>0,75 kW<\/td>\r\n<\/tr>\r\n<tr>\r\n<td class=\"highlighted\">Conexion el\u00e9ctrica<\/td>\r\n<td>3 AC &#8211; 400 V &#8211; 50 Hz\r\nIEC 60309 16 A 6h\r\nOtros voltajes bajo pedido<\/td>\r\n<\/tr>\r\n<tr>\r\n<td class=\"highlighted\">Conexion de aire comprimido<\/td>\r\n<td>5 &lt; p &lt;10 bar\r\nConector de acoplamiento DN 7,2 (G1\/4 external)<\/td>\r\n<\/tr>\r\n<tr>\r\n<td class=\"highlighted\">Consumo de aire comprimido<\/td>\r\n<td>ca. 250 l\/min (presi\u00f3n ambiental)<\/td>\r\n<\/tr>\r\n<\/tbody>\r\n<\/table>\r\n<\/div><\/div>\n\t\t\t\t<\/div>\n\t\t\t\t<\/div>\n\t\t\t\t\t<\/div>\n\t\t<\/div>\n\t\t\t\t\t\t\t<\/div>\n\t\t<\/section>\n\t\t\t\t<section class=\"elementor-section elementor-top-section elementor-element elementor-element-079b5ba elementor-section-boxed elementor-section-height-default elementor-section-height-default\" data-id=\"079b5ba\" data-element_type=\"section\">\n\t\t\t\t\t\t<div class=\"elementor-container elementor-column-gap-default\">\n\t\t\t\t\t<div class=\"elementor-column elementor-col-100 elementor-top-column elementor-element elementor-element-9d01742\" data-id=\"9d01742\" data-element_type=\"column\">\n\t\t\t<div class=\"elementor-widget-wrap elementor-element-populated\">\n\t\t\t\t\t\t\t\t<div class=\"elementor-element elementor-element-42b3bdb elementor-aspect-ratio-169 elementor-widget elementor-widget-video\" data-id=\"42b3bdb\" data-element_type=\"widget\" data-settings=\"{&quot;youtube_url&quot;:&quot;https:\\\/\\\/www.youtube.com\\\/watch?v=GaVsQ6s9PHw&quot;,&quot;video_type&quot;:&quot;youtube&quot;,&quot;controls&quot;:&quot;yes&quot;,&quot;aspect_ratio&quot;:&quot;169&quot;}\" data-widget_type=\"video.default\">\n\t\t\t\t<div class=\"elementor-widget-container\">\n\t\t\t\t\t<div class=\"elementor-wrapper elementor-fit-aspect-ratio elementor-open-inline\">\n\t\t\t<div class=\"elementor-video\"><\/div>\t\t<\/div>\n\t\t\t\t<\/div>\n\t\t\t\t<\/div>\n\t\t\t\t\t<\/div>\n\t\t<\/div>\n\t\t\t\t\t\t\t<\/div>\n\t\t<\/section>\n\t\t\t\t\t\t<\/div>\n\t\t\t\t\t<\/div>\n\t\t","protected":false},"excerpt":{"rendered":"<p>La desmembranadora particularmente favorable desmembrana piezas de carne de cerdo, vacuno, ternera, cordero, caza ofreciendo un alto rendimiento.<\/p>\n","protected":false},"featured_media":1053,"template":"","meta":{"neve_meta_sidebar":"","neve_meta_container":"","neve_meta_enable_content_width":"off","neve_meta_content_width":100,"neve_meta_title_alignment":"","neve_meta_author_avatar":"","neve_post_elements_order":"","neve_meta_disable_header":"","neve_meta_disable_footer":"","neve_meta_disable_title":""},"class_list":["post-327","product","type-product","status-publish","has-post-thumbnail","hentry","product_cat-desmembradoras"],"_links":{"self":[{"href":"https:\/\/sti.hn\/wp2\/wp-json\/wp\/v2\/product\/327","targetHints":{"allow":["GET"]}}],"collection":[{"href":"https:\/\/sti.hn\/wp2\/wp-json\/wp\/v2\/product"}],"about":[{"href":"https:\/\/sti.hn\/wp2\/wp-json\/wp\/v2\/types\/product"}],"version-history":[{"count":8,"href":"https:\/\/sti.hn\/wp2\/wp-json\/wp\/v2\/product\/327\/revisions"}],"predecessor-version":[{"id":1801,"href":"https:\/\/sti.hn\/wp2\/wp-json\/wp\/v2\/product\/327\/revisions\/1801"}],"wp:featuredmedia":[{"embeddable":true,"href":"https:\/\/sti.hn\/wp2\/wp-json\/wp\/v2\/media\/1053"}],"wp:attachment":[{"href":"https:\/\/sti.hn\/wp2\/wp-json\/wp\/v2\/media?parent=327"}],"curies":[{"name":"wp","href":"https:\/\/api.w.org\/{rel}","templated":true}]}}