{"id":537,"date":"2021-09-06T10:53:31","date_gmt":"2021-09-06T10:53:31","guid":{"rendered":"https:\/\/sti.hn\/wp2\/?post_type=product&#038;p=537"},"modified":"2022-04-24T21:46:43","modified_gmt":"2022-04-24T21:46:43","slug":"k230","status":"publish","type":"product","link":"https:\/\/sti.hn\/wp2\/producto\/k230\/","title":{"rendered":"K230"},"content":{"rendered":"<h2>INFORMACI\u00d3N T\u00c9CNICA<\/h2>\n<table style=\"height: 122px;\" width=\"689\">\n<thead>\n<tr>\n<th>DATOS TECNICOS<\/th>\n<th>UM<\/th>\n<th><\/th>\n<\/tr>\n<\/thead>\n<tbody>\n<tr>\n<td>Capacidad tolva<\/td>\n<td>lt<\/td>\n<td>300<\/td>\n<\/tr>\n<tr>\n<td>Motor principal<\/td>\n<td>kW<\/td>\n<td>3<\/td>\n<\/tr>\n<tr>\n<td>Motor elevador<\/td>\n<td>kW<\/td>\n<td>0,75<\/td>\n<\/tr>\n<tr>\n<td>Peso<\/td>\n<td>kg<\/td>\n<td>460<\/td>\n<\/tr>\n<tr>\n<td>Peso (maq. + elevador)<\/td>\n<td>kg<\/td>\n<td>600<\/td>\n<\/tr>\n<\/tbody>\n<\/table>\n","protected":false},"excerpt":{"rendered":"<p><b>AMASADORA MOD. K230<\/b><\/p>\n<p>La capacidad de la cuba es de 300 litros permitiendo una mezcla r\u00e1pida del producto. Una individual pero amplia puerta permite la descarga total del producto para carros de lt. 90 120 o200 en pocos segundos. La distancia entre el grupo reductor y la cuba de mezcla a\u00edsla al producto del aceite lubricante y al mismo tiempo protege al mecanismo de eventuales filtraciones de agua. El sistema de fijaci\u00f3n de brazos mezcladores evita infiltraciones de suciedad y agua, permitiendo un desensamblaje r\u00e1pido para su limpieza. La puerta de descarga completamente desmontable en poco tiempo, sin el empleo de herramientas es muy f\u00e1ciles de limpiar, Posibilidad de instalar, tambi\u00e9n sucesivamente a la adquisici\u00f3n, un dispositivo elevador hidr\u00e1ulico para carros de lt. 90 120 o 200.<\/p>\n","protected":false},"featured_media":1197,"template":"","meta":{"neve_meta_sidebar":"","neve_meta_container":"","neve_meta_enable_content_width":"off","neve_meta_content_width":100,"neve_meta_title_alignment":"","neve_meta_author_avatar":"","neve_post_elements_order":"","neve_meta_disable_header":"","neve_meta_disable_footer":"","neve_meta_disable_title":""},"class_list":["post-537","product","type-product","status-publish","has-post-thumbnail","hentry","product_cat-mezcladoras"],"_links":{"self":[{"href":"https:\/\/sti.hn\/wp2\/wp-json\/wp\/v2\/product\/537","targetHints":{"allow":["GET"]}}],"collection":[{"href":"https:\/\/sti.hn\/wp2\/wp-json\/wp\/v2\/product"}],"about":[{"href":"https:\/\/sti.hn\/wp2\/wp-json\/wp\/v2\/types\/product"}],"version-history":[{"count":3,"href":"https:\/\/sti.hn\/wp2\/wp-json\/wp\/v2\/product\/537\/revisions"}],"predecessor-version":[{"id":1779,"href":"https:\/\/sti.hn\/wp2\/wp-json\/wp\/v2\/product\/537\/revisions\/1779"}],"wp:featuredmedia":[{"embeddable":true,"href":"https:\/\/sti.hn\/wp2\/wp-json\/wp\/v2\/media\/1197"}],"wp:attachment":[{"href":"https:\/\/sti.hn\/wp2\/wp-json\/wp\/v2\/media?parent=537"}],"curies":[{"name":"wp","href":"https:\/\/api.w.org\/{rel}","templated":true}]}}