{"id":543,"date":"2021-09-06T11:05:23","date_gmt":"2021-09-06T11:05:23","guid":{"rendered":"https:\/\/sti.hn\/wp2\/?post_type=product&#038;p=543"},"modified":"2024-09-29T17:03:42","modified_gmt":"2024-09-29T17:03:42","slug":"vliesex-v-560n","status":"publish","type":"product","link":"https:\/\/sti.hn\/wp2\/producto\/vliesex-v-560n\/","title":{"rendered":"VLIESEX V 560N"},"content":{"rendered":"\t\t<div data-elementor-type=\"wp-post\" data-elementor-id=\"543\" class=\"elementor elementor-543\" data-elementor-settings=\"[]\">\n\t\t\t\t\t\t\t<div class=\"elementor-section-wrap\">\n\t\t\t\t\t\t\t<section class=\"elementor-section elementor-top-section elementor-element elementor-element-73740573 elementor-section-boxed elementor-section-height-default elementor-section-height-default\" data-id=\"73740573\" data-element_type=\"section\">\n\t\t\t\t\t\t<div class=\"elementor-container elementor-column-gap-default\">\n\t\t\t\t\t<div class=\"elementor-column elementor-col-100 elementor-top-column elementor-element elementor-element-23488b8a\" data-id=\"23488b8a\" data-element_type=\"column\">\n\t\t\t<div class=\"elementor-widget-wrap elementor-element-populated\">\n\t\t\t\t\t\t\t\t<div class=\"elementor-element elementor-element-32c9a007 elementor-widget elementor-widget-text-editor\" data-id=\"32c9a007\" data-element_type=\"widget\" data-widget_type=\"text-editor.default\">\n\t\t\t\t<div class=\"elementor-widget-container\">\n\t\t\t\t\t<div class=\"elementor-text-editor elementor-clearfix\"><div id=\"anchor_e61e63f4_DAtos-t--cnicos\" class=\"elementHeadline elementHeadline_var0\">\r\n<h1>DATOS T\u00c9CNICOS<\/h1>\r\n<\/div>\r\n<div class=\"elementStandard elementContent elementTable\">\r\n<table style=\"height: 621px; background: #F5F5F5;\" border=\"1\" width=\"788\"><colgroup> <col \/> <col \/><\/colgroup>\r\n<thead>\r\n<tr>\r\n<th class=\"highlighted\"><\/th>\r\n<th>Vliesex V 560N<\/th>\r\n<\/tr>\r\n<\/thead>\r\n<tbody>\r\n<tr>\r\n<td class=\"highlighted\">Ancho de operaci\u00f3n<\/td>\r\n<td>500 mm<\/td>\r\n<\/tr>\r\n<tr>\r\n<td class=\"highlighted\">Velocidad de cortar<\/td>\r\n<td>37 m\/min<\/td>\r\n<\/tr>\r\n<tr>\r\n<td class=\"highlighted\">Dimensiones totales Ancho x Alt. x Profund.<\/td>\r\n<td>815 x 970 x 700 mm<\/td>\r\n<\/tr>\r\n<tr>\r\n<td class=\"highlighted\">Peso<\/td>\r\n<td>180 kg<\/td>\r\n<\/tr>\r\n<tr>\r\n<td class=\"highlighted\">Potencia del motor<\/td>\r\n<td>0,75 kW<\/td>\r\n<\/tr>\r\n<tr>\r\n<td class=\"highlighted\">Conexi\u00f3n el\u00e9ctrica<\/td>\r\n<td>3 AC &#8211; 400 V &#8211; 50 Hz\r\nIEC 60309 16 A 6h\r\nOtros voltajes bajo pedido<\/td>\r\n<\/tr>\r\n<tr>\r\n<td class=\"highlighted\">Conexi\u00f3n de aire comprimido<\/td>\r\n<td>5 &lt; p &lt;10 bar\r\nConector de acoplamiento DN 7,2 (G1\/4 external)<\/td>\r\n<\/tr>\r\n<tr>\r\n<td class=\"highlighted\">Consumo de aire comprimido<\/td>\r\n<td>\r\n<p class=\"small\">approx. 250 l\/min (presi\u00f3n ambiental)<\/p>\r\n<\/td>\r\n<\/tr>\r\n<\/tbody>\r\n<\/table>\r\n<\/div><\/div>\n\t\t\t\t<\/div>\n\t\t\t\t<\/div>\n\t\t\t\t\t<\/div>\n\t\t<\/div>\n\t\t\t\t\t\t\t<\/div>\n\t\t<\/section>\n\t\t\t\t<section class=\"elementor-section elementor-top-section elementor-element elementor-element-4178973 elementor-section-boxed elementor-section-height-default elementor-section-height-default\" data-id=\"4178973\" data-element_type=\"section\">\n\t\t\t\t\t\t<div class=\"elementor-container elementor-column-gap-default\">\n\t\t\t\t\t<div class=\"elementor-column elementor-col-100 elementor-top-column elementor-element elementor-element-a8a8527\" data-id=\"a8a8527\" data-element_type=\"column\">\n\t\t\t<div class=\"elementor-widget-wrap elementor-element-populated\">\n\t\t\t\t\t\t\t\t<div class=\"elementor-element elementor-element-7ce1192 elementor-aspect-ratio-169 elementor-widget elementor-widget-video\" data-id=\"7ce1192\" data-element_type=\"widget\" data-settings=\"{&quot;youtube_url&quot;:&quot;https:\\\/\\\/www.youtube.com\\\/watch?v=GaVsQ6s9PHw&quot;,&quot;video_type&quot;:&quot;youtube&quot;,&quot;controls&quot;:&quot;yes&quot;,&quot;aspect_ratio&quot;:&quot;169&quot;}\" data-widget_type=\"video.default\">\n\t\t\t\t<div class=\"elementor-widget-container\">\n\t\t\t\t\t<div class=\"elementor-wrapper elementor-fit-aspect-ratio elementor-open-inline\">\n\t\t\t<div class=\"elementor-video\"><\/div>\t\t<\/div>\n\t\t\t\t<\/div>\n\t\t\t\t<\/div>\n\t\t\t\t\t<\/div>\n\t\t<\/div>\n\t\t\t\t\t\t\t<\/div>\n\t\t<\/section>\n\t\t\t\t\t\t<\/div>\n\t\t\t\t\t<\/div>\n\t\t","protected":false},"excerpt":{"rendered":"<p>Desmembrana piezas de carne de cerdo, vacuno, ternera, cordero, caza ofreciendo un alto rendimiento.<\/p>\n<div id=\"anchor_3510e1d3_Equipamiento-est--ndar\" class=\"elementHeadline elementHeadline_var0\">\n<h1>EQUIPAMIENTO EST\u00c1NDAR<\/h1>\n<\/div>\n<div class=\"elementText elementText_var0 elementTextListStyle_var0\">\n<ul>\n<li>Carcasa trapezial para m\u00e1xima estabilidad al atravesar desnivelaciones del suelo<\/li>\n<li>Rodillo de transporte de alta precisi\u00f3n sin ranuras circunferenciales y porta-cuchilla amortiguado por muelles para m\u00ednimas p\u00e9rdidas del producto caro<\/li>\n<li>El rodillo de limpieza din\u00e1mico rotando en sentido opuesto y el sistema de limpieza NOCK Air-Jet con aire comprimido mantienen el rodillo de transporte limpio continuamente durante el proceso.\u00a0 De esta manera agarre fiable, operaci\u00f3n f\u00e1cil y r\u00e1pida e higiene operacional muy alta.<\/li>\n<li>Porta-cuchilla con tornillos imperdibles<\/li>\n<li>Ajuste fino de la brecha de cuchilla para productos con membrana gorda ( p. ej. vacuno)<\/li>\n<li>Reductor de presi\u00f3n ajustable<\/li>\n<li>Contenedor para los trozos llevable desde delante y desde atr\u00e1s<\/li>\n<li>Interruptor de pedal ergon\u00f3mico, ajustable en altura<\/li>\n<li>Interruptor de seguridad de la mesa<\/li>\n<li>Ruedas direccionales con frenos<\/li>\n<li>Acero inoxidable<\/li>\n<\/ul>\n<\/div>\n","protected":false},"featured_media":1061,"template":"","meta":{"neve_meta_sidebar":"","neve_meta_container":"","neve_meta_enable_content_width":"off","neve_meta_content_width":100,"neve_meta_title_alignment":"","neve_meta_author_avatar":"","neve_post_elements_order":"","neve_meta_disable_header":"","neve_meta_disable_footer":"","neve_meta_disable_title":""},"class_list":["post-543","product","type-product","status-publish","has-post-thumbnail","hentry","product_cat-desmembradoras"],"_links":{"self":[{"href":"https:\/\/sti.hn\/wp2\/wp-json\/wp\/v2\/product\/543","targetHints":{"allow":["GET"]}}],"collection":[{"href":"https:\/\/sti.hn\/wp2\/wp-json\/wp\/v2\/product"}],"about":[{"href":"https:\/\/sti.hn\/wp2\/wp-json\/wp\/v2\/types\/product"}],"version-history":[{"count":8,"href":"https:\/\/sti.hn\/wp2\/wp-json\/wp\/v2\/product\/543\/revisions"}],"predecessor-version":[{"id":1798,"href":"https:\/\/sti.hn\/wp2\/wp-json\/wp\/v2\/product\/543\/revisions\/1798"}],"wp:featuredmedia":[{"embeddable":true,"href":"https:\/\/sti.hn\/wp2\/wp-json\/wp\/v2\/media\/1061"}],"wp:attachment":[{"href":"https:\/\/sti.hn\/wp2\/wp-json\/wp\/v2\/media?parent=543"}],"curies":[{"name":"wp","href":"https:\/\/api.w.org\/{rel}","templated":true}]}}