{"id":555,"date":"2021-09-06T14:08:59","date_gmt":"2021-09-06T14:08:59","guid":{"rendered":"https:\/\/sti.hn\/wp2\/?post_type=product&#038;p=555"},"modified":"2024-09-29T17:03:15","modified_gmt":"2024-09-29T17:03:15","slug":"f9","status":"publish","type":"product","link":"https:\/\/sti.hn\/wp2\/producto\/f9\/","title":{"rendered":"EMBUTIDORA CONTINUA AL VACIO F9"},"content":{"rendered":"\t\t<div data-elementor-type=\"wp-post\" data-elementor-id=\"555\" class=\"elementor elementor-555\" data-elementor-settings=\"[]\">\n\t\t\t\t\t\t\t<div class=\"elementor-section-wrap\">\n\t\t\t\t\t\t\t<section class=\"elementor-section elementor-top-section elementor-element elementor-element-01eb5f5 elementor-section-boxed elementor-section-height-default elementor-section-height-default\" data-id=\"01eb5f5\" data-element_type=\"section\">\n\t\t\t\t\t\t<div class=\"elementor-container elementor-column-gap-default\">\n\t\t\t\t\t<div class=\"elementor-column elementor-col-100 elementor-top-column elementor-element elementor-element-fe6ee79\" data-id=\"fe6ee79\" data-element_type=\"column\">\n\t\t\t<div class=\"elementor-widget-wrap elementor-element-populated\">\n\t\t\t\t\t\t\t\t<div class=\"elementor-element elementor-element-c5b02a7 elementor-widget elementor-widget-text-editor\" data-id=\"c5b02a7\" data-element_type=\"widget\" data-widget_type=\"text-editor.default\">\n\t\t\t\t<div class=\"elementor-widget-container\">\n\t\t\t\t\t<div class=\"elementor-text-editor elementor-clearfix\"><p>Especificaciones:<br>Construcci\u00f3n robusta completamente en acero inoxidable. Superficies lisos y ausente de esquinas para una r\u00e1pido y eficaz limpieza. Lo precisi\u00f3n de fabricaci\u00f3n de todos los componentes de la bomba de acero de alta resistiendo garantiza un trato delicado del producto y una elevada resistiendo al uso. El conjunto de la bomba al vac\u00edo de 20m&#8217; y el alimentador mas el contra-alimentador en la tolva, aseguran un embutido compacto y falto de aire en productos duros y a baja temperatura. Posibilidad de instalar un elevador hidr\u00e1ulico para corros de 90, 120 o 200 litros. Tolva de cargo de 90, 160 o 260 litros. En el modelo con elevador hidr\u00e1ulico se incorpora un pelda\u00f1o abatible que permite lo inspecci\u00f3n y lo limpieza de la misma. Sistema de protecci\u00f3n (control accidentes) asegurado por sensores controlados por una centralita electr\u00f3nica de m\u00e1ximo seguridad. Maquino conforme o las normas comunitarios.<br>SERIE BO Un sistema de accionamiento electr\u00f3nico controlado por un PLC, completamente resistente al aguo que aseguro adem\u00e1s de una elevada productividad, prestaciones de gran fiabilidad y un silencio absoluto. Todos los par\u00e1metros de funcionamiento de lo maquina pueden ser programados por un sistema de mandas por pantalla t\u00e1ctil \u00bbTOUCH SCREEN\u00bb. Un c\u00f3modo y simple interfaz gr\u00e1fico gu\u00eda al operario en la selecci\u00f3n de los par\u00e1metros de empleo y en su monitorizaci\u00f3n. Uno avanzada funci\u00f3n de diagnostico permite una veloz localizaci\u00f3n de posibles problemas. Una memoria avise al operario de los plazos de manutenci\u00f3n. Las funciones estad\u00edsticos ofrecen informaci\u00f3n respeto a lo producci\u00f3n efectuada. El comando de ayuda recuerda las principales funciones de la maquina en la lengua seleccionado por el operario. Es posible programar tramos de aceleraci\u00f3n al principio de lo porci\u00f3n, \u00fatiles paro evitar roturas dela tripa.<br>SERIE lO LO pueden ser servidas en lo versi\u00f3n sencilla l donde un molar asincronostandard que es controlado por un invertidor y un panel de control programable extremadamente sencillo, mini Touch Screen, hacen que este maquina sea segura, f\u00e1cil de usar y mantener<br><\/p><\/div>\n\t\t\t\t<\/div>\n\t\t\t\t<\/div>\n\t\t\t\t\t<\/div>\n\t\t<\/div>\n\t\t\t\t\t\t\t<\/div>\n\t\t<\/section>\n\t\t\t\t<section class=\"elementor-section elementor-top-section elementor-element elementor-element-7ebb2eb8 elementor-section-boxed elementor-section-height-default elementor-section-height-default\" data-id=\"7ebb2eb8\" data-element_type=\"section\">\n\t\t\t\t\t\t<div class=\"elementor-container elementor-column-gap-default\">\n\t\t\t\t\t<div class=\"elementor-column elementor-col-100 elementor-top-column elementor-element elementor-element-1b2887b2\" data-id=\"1b2887b2\" data-element_type=\"column\">\n\t\t\t<div class=\"elementor-widget-wrap elementor-element-populated\">\n\t\t\t\t\t\t\t\t<div class=\"elementor-element elementor-element-5d617f3b elementor-widget elementor-widget-text-editor\" data-id=\"5d617f3b\" data-element_type=\"widget\" data-widget_type=\"text-editor.default\">\n\t\t\t\t<div class=\"elementor-widget-container\">\n\t\t\t\t\t<div class=\"elementor-text-editor elementor-clearfix\"><p><span style=\"font-family: var(--headingsFontFamily),var(--nv-fallback-ff); font-size: var(--h4FontSize); font-weight: var(--h2FontWeight); letter-spacing: var(--h2LetterSpacing); text-transform: var(--h2TextTransform); color: var( --e-global-color-text ); background-color: var(--nv-site-bg);\">INFORMACI\u00d3N T\u00c9CNICA<\/span><\/p><table style=\"height: 340px; background: #F2F2F2;\" border=\"1\" width=\"768\"><thead><tr><th>DATOS T\u00c9CNICOS<\/th><th>UM<\/th><th>F9I<\/th><th>F9B<\/th><\/tr><\/thead><tbody><tr><td>Capacidad tolva<\/td><td>lt<\/td><td>90\/160\/260<\/td><td>90\/160\/260<\/td><\/tr><tr><td>Total Potencia<\/td><td>kW<\/td><td>4,5<\/td><td>4,5<\/td><\/tr><tr><td>Producci\u00f3n Max<\/td><td>kg\/h<\/td><td>2300<\/td><td>2600<\/td><\/tr><tr><td>Presi\u00f3n de embuci\u00f2n Max<\/td><td>bar<\/td><td>35<\/td><td>35<\/td><\/tr><tr><td>Porcionador<\/td><td>g<\/td><td>5-10000<\/td><td>5-10000<\/td><\/tr><tr><td>Velocidad de porcionador<\/td><td>n\/min\/max<\/td><td>\u00a0<\/td><td>\u00a0<\/td><\/tr><tr><td>\u00a0<\/td><td>25g<\/td><td>310<\/td><td>350<\/td><\/tr><tr><td>\u00a0<\/td><td>50g<\/td><td>270<\/td><td>270<\/td><\/tr><tr><td>\u00a0<\/td><td>100g<\/td><td>200<\/td><td>200<\/td><\/tr><tr><td>\u00a0<\/td><td>200g<\/td><td>140<\/td><td>160<\/td><\/tr><tr><td>Peso<\/td><td>kg<\/td><td>480<\/td><td>480<\/td><\/tr><tr><td>Peso con elevador<\/td><td>kg<\/td><td>620<\/td><td>620<\/td><\/tr><\/tbody><\/table><\/div>\n\t\t\t\t<\/div>\n\t\t\t\t<\/div>\n\t\t\t\t\t<\/div>\n\t\t<\/div>\n\t\t\t\t\t\t\t<\/div>\n\t\t<\/section>\n\t\t\t\t\t\t<\/div>\n\t\t\t\t\t<\/div>\n\t\t","protected":false},"excerpt":{"rendered":"<p>EMBUTIDORA CONTINUA AL Vac\u00edo F9 Lo embutidora continua al vodo Mod. F9 es la maquina compacto ideal paro lo peque\u00f1a industrio c\u00e1rnico. Bombo de paletos de peque\u00f1o di\u00e1metro con 8 o 12 paletas.<\/p>\n","protected":false},"featured_media":1088,"template":"","meta":{"neve_meta_sidebar":"","neve_meta_container":"","neve_meta_enable_content_width":"off","neve_meta_content_width":100,"neve_meta_title_alignment":"","neve_meta_author_avatar":"","neve_post_elements_order":"","neve_meta_disable_header":"","neve_meta_disable_footer":"","neve_meta_disable_title":""},"class_list":["post-555","product","type-product","status-publish","has-post-thumbnail","hentry","product_cat-embutidora"],"_links":{"self":[{"href":"https:\/\/sti.hn\/wp2\/wp-json\/wp\/v2\/product\/555","targetHints":{"allow":["GET"]}}],"collection":[{"href":"https:\/\/sti.hn\/wp2\/wp-json\/wp\/v2\/product"}],"about":[{"href":"https:\/\/sti.hn\/wp2\/wp-json\/wp\/v2\/types\/product"}],"version-history":[{"count":6,"href":"https:\/\/sti.hn\/wp2\/wp-json\/wp\/v2\/product\/555\/revisions"}],"predecessor-version":[{"id":1705,"href":"https:\/\/sti.hn\/wp2\/wp-json\/wp\/v2\/product\/555\/revisions\/1705"}],"wp:featuredmedia":[{"embeddable":true,"href":"https:\/\/sti.hn\/wp2\/wp-json\/wp\/v2\/media\/1088"}],"wp:attachment":[{"href":"https:\/\/sti.hn\/wp2\/wp-json\/wp\/v2\/media?parent=555"}],"curies":[{"name":"wp","href":"https:\/\/api.w.org\/{rel}","templated":true}]}}