{"id":685,"date":"2021-11-08T22:45:10","date_gmt":"2021-11-08T22:45:10","guid":{"rendered":"https:\/\/sti.hn\/wp2\/?post_type=product&#038;p=685"},"modified":"2021-12-06T21:23:18","modified_gmt":"2021-12-06T21:23:18","slug":"mvs41-xp","status":"publish","type":"product","link":"https:\/\/sti.hn\/wp2\/producto\/mvs41-xp\/","title":{"rendered":"MVS41 XP"},"content":{"rendered":"<p><strong>NOVEDADES PRINCIPALES VISUALIZADAS EN LA PANTALLA<\/strong><\/p>\n<ul>\n<li><strong>FECHA<\/strong>: de reloj<\/li>\n<li><strong>IDIOMA<\/strong>: 8 idiomas que pueden seleccionarse<\/li>\n<li><strong>OPERADOR<\/strong>: 0001 equivalente a Don Rossi Mario<\/li>\n<li><strong>DIRECCI\u00d3N WEB<\/strong><\/li>\n<li><strong>LECTURA GRADO DE VAC\u00cdO<\/strong>: % o en mbar (muy \u00fatil para el chef)<\/li>\n<li><strong>ETIQUETA<\/strong>: S\u00cd; NO &#8211; opci\u00f3n de impresi\u00f3n con etiqueta<\/li>\n<li><strong>SERVICE<\/strong>: e-mail del revendedor con n\u00fam. de tel\u00e9fono<\/li>\n<li><strong>TOTALIZADOR DE CICLOS<\/strong>: cuenta los ciclos de la m\u00e1quina (no modificables)<\/li>\n<li><strong>CICLOS OIL<\/strong>: indica el cambio de aceite de la bomba<\/li>\n<li><strong>CICLOS OFF<\/strong>: indica el mantenimiento ordinario<\/li>\n<li><strong>HORAS TOT<\/strong>.: indica las horas de encendido de la m\u00e1quina<\/li>\n<li><strong>HORAS TOT.<\/strong>: indica las horas de trabajo de la bomba<\/li>\n<\/ul>\n<h4 class=\"h4\">CARACTER\u00cdSTICAS T\u00c9CNICAS<\/h4>\n<div class=\"table-area\">\n<div class=\"table-holder exp3\">\n<table style=\"height: 346px;\" width=\"773\">\n<tbody>\n<tr>\n<td class=\"col1\">Alimentaci\u00f3n el\u00e9ctrica<\/td>\n<td class=\"col2\">230V 50\/60Hz 1Ph<\/td>\n<\/tr>\n<tr class=\"even\">\n<td class=\"col1\">Potencia m\u00e1x. instalada<\/td>\n<td class=\"col2\">2,3 kW<\/td>\n<\/tr>\n<tr>\n<td class=\"col1\">Corriente m\u00e1xima<\/td>\n<td class=\"col2\">10 A<\/td>\n<\/tr>\n<tr class=\"even\">\n<td class=\"col1\">Dimensiones barras soldadoras<\/td>\n<td class=\"col2\">626 mm (nr.1 frontale)<br \/>\n+ 310 mm (nr. 2 laterales )<\/td>\n<\/tr>\n<tr>\n<td class=\"col1\">Ciclo de envasado<br \/>\n(Vac\u00edo 99,9%)<\/td>\n<td class=\"col2\">Vac\u00edo= 22 s<br \/>\nIntroducci\u00f3n aire= 5 s<\/td>\n<\/tr>\n<tr class=\"even\">\n<td class=\"col1\">Bomba vac\u00edo<\/td>\n<td class=\"col2\">20 mc<\/td>\n<\/tr>\n<tr>\n<td class=\"col1\">Dimensiones m\u00e1quina (tapa abierta)<\/td>\n<td class=\"col2\">826x543x704 mm<\/td>\n<\/tr>\n<tr class=\"even\">\n<td class=\"col1\">Dimensiones m\u00e1quina (tapa cerrada)<\/td>\n<td class=\"col2\">826x543x445 mm<\/td>\n<\/tr>\n<tr>\n<td class=\"col1\">Peso m\u00e1quina (Neto\/Bruto)<\/td>\n<td class=\"col2\">102\/117 kg<\/td>\n<\/tr>\n<tr class=\"even\">\n<td class=\"col1\">Dimensiones \u00fatiles c\u00e1mara (Cuba+tapa)<\/td>\n<td class=\"col2\">637&#215;289,5&#215;101 mm<\/td>\n<\/tr>\n<\/tbody>\n<\/table>\n<\/div>\n<\/div>\n","protected":false},"excerpt":{"rendered":"<h4 class=\"h5\">ENVASADO AL VAC\u00cdO DE BANCO &#8211; BARRA SELLADORA 626 MM FRONTAL\/310 MM LATERAL &#8211; SEGUIMIENTO DEL PROCESO Y ETIQUETADORA<\/h4>\n<p>M\u00c1QUINAS DE ENVASADO AL VAC\u00cdO DE MESA<\/p>\n<h3 class=\"sotto-titolo\">MVS41 XP<\/h3>\n<div class=\"page-text\">\n<p>Nueva concepci\u00f3n y rica de funciones la pantalla de control, instalada en estas m\u00e1quinas, a la vanguardia de la tecnolog\u00eda del sector alimentario. El panel de mando permite una r\u00e1pida configuraci\u00f3n de las operaciones gracias a su interactividad y facilidad de navegaci\u00f3n, y ayuda al usuario a programar las intervenciones t\u00e9cnicas y de asistencia.<\/p>\n<p>Toda la nueva l\u00ednea al vac\u00edo\u00a0<strong>XP<\/strong>\u00a0est\u00e1 certificada por CE\/ETL\/NSF.<\/p>\n<\/div>\n","protected":false},"featured_media":686,"template":"","meta":{"neve_meta_sidebar":"","neve_meta_container":"","neve_meta_enable_content_width":"off","neve_meta_content_width":100,"neve_meta_title_alignment":"","neve_meta_author_avatar":"","neve_post_elements_order":"","neve_meta_disable_header":"","neve_meta_disable_footer":"","neve_meta_disable_title":""},"class_list":["post-685","product","type-product","status-publish","has-post-thumbnail","hentry","product_cat-vacio"],"_links":{"self":[{"href":"https:\/\/sti.hn\/wp2\/wp-json\/wp\/v2\/product\/685","targetHints":{"allow":["GET"]}}],"collection":[{"href":"https:\/\/sti.hn\/wp2\/wp-json\/wp\/v2\/product"}],"about":[{"href":"https:\/\/sti.hn\/wp2\/wp-json\/wp\/v2\/types\/product"}],"version-history":[{"count":2,"href":"https:\/\/sti.hn\/wp2\/wp-json\/wp\/v2\/product\/685\/revisions"}],"predecessor-version":[{"id":907,"href":"https:\/\/sti.hn\/wp2\/wp-json\/wp\/v2\/product\/685\/revisions\/907"}],"wp:featuredmedia":[{"embeddable":true,"href":"https:\/\/sti.hn\/wp2\/wp-json\/wp\/v2\/media\/686"}],"wp:attachment":[{"href":"https:\/\/sti.hn\/wp2\/wp-json\/wp\/v2\/media?parent=685"}],"curies":[{"name":"wp","href":"https:\/\/api.w.org\/{rel}","templated":true}]}}