{"id":693,"date":"2021-11-08T22:59:42","date_gmt":"2021-11-08T22:59:42","guid":{"rendered":"https:\/\/sti.hn\/wp2\/?post_type=product&#038;p=693"},"modified":"2021-12-06T21:23:30","modified_gmt":"2021-12-06T21:23:30","slug":"mvs45-xp","status":"publish","type":"product","link":"https:\/\/sti.hn\/wp2\/producto\/mvs45-xp\/","title":{"rendered":"MVS45 XP"},"content":{"rendered":"<h4 class=\"h4\">CARACTER\u00cdSTICAS T\u00c9CNICAS<\/h4>\n<div class=\"table-area\">\n<div class=\"table-holder exp3\">\n<table style=\"height: 513px;\" width=\"775\">\n<tbody>\n<tr>\n<td class=\"col1\"><\/td>\n<td class=\"col2\">MVS45 XP<br \/>\nBarra frontal<\/td>\n<td class=\"col2\">MVS45 XP 2<br \/>\nBarras Laterales<\/td>\n<\/tr>\n<tr class=\"even\">\n<td class=\"col1\">Alimentaci\u00f3n el\u00e9ctrica<\/td>\n<td class=\"col2\">120V 60Hz 1Ph<br \/>\n230V 50\/60Hz 1Ph<\/td>\n<td class=\"col2\">120V 60Hz 1Ph<br \/>\n230V 50\/60Hz 1Ph<\/td>\n<\/tr>\n<tr>\n<td class=\"col1\">Potencia m\u00e1x. instalada<\/td>\n<td class=\"col2\">1,4 (120V)<br \/>\n1,1 (230V)<\/td>\n<td class=\"col2\">2,0 (120V)<br \/>\n2,0 (230V)<\/td>\n<\/tr>\n<tr class=\"even\">\n<td class=\"col1\">Corriente m\u00e1xima<\/td>\n<td class=\"col2\">13 (120V)<br \/>\n6 (230V)<\/td>\n<td class=\"col2\">17 (120V)<br \/>\n9 (230V)<\/td>\n<\/tr>\n<tr>\n<td class=\"col1\">Dimensiones barras soldadoras<\/td>\n<td class=\"col2\">450 mm<\/td>\n<td class=\"col2\">450 mm<\/td>\n<\/tr>\n<tr class=\"even\">\n<td class=\"col1\">Ciclo de envasado (Vac\u00edo 99,9%)<\/td>\n<td class=\"col2\">Vac\u00edo= 24 s<br \/>\nIntroducci\u00f3n aire= 8 s<\/td>\n<td class=\"col2\">Vac\u00edo= 24 s<br \/>\nIntroducci\u00f3n aire= 8 s<\/td>\n<\/tr>\n<tr>\n<td class=\"col1\">Bomba vac\u00edo<\/td>\n<td class=\"col2\">20 mc<\/td>\n<td class=\"col2\">20 mc<\/td>\n<\/tr>\n<tr class=\"even\">\n<td class=\"col1\">Dimensiones m\u00e1quina<br \/>\n(tapa abierta)<\/td>\n<td class=\"col2\">544x649x750 mm<\/td>\n<td class=\"col2\">544x649x750 mm<\/td>\n<\/tr>\n<tr>\n<td class=\"col1\">Dimensiones m\u00e1quina<br \/>\n(tapa cerrada)<\/td>\n<td class=\"col2\">544x649x490 mm<\/td>\n<td class=\"col2\">544x649x490 mm<\/td>\n<\/tr>\n<tr class=\"even\">\n<td class=\"col1\">Peso m\u00e1quina (Neto\/Bruto)<\/td>\n<td class=\"col2\">78\/87 kg<\/td>\n<td class=\"col2\">78\/87 kg<\/td>\n<\/tr>\n<tr>\n<td class=\"col1\">Dimensiones \u00fatiles c\u00e1mara<br \/>\n(Cuba+tapa)<\/td>\n<td class=\"col2\">466&#215;405,5&#215;226 mm<\/td>\n<td class=\"col2\">351x466x226 mm<\/td>\n<\/tr>\n<\/tbody>\n<\/table>\n<\/div>\n<\/div>\n","protected":false},"excerpt":{"rendered":"<h4 class=\"h5\">ENVASADO AL VAC\u00cdO DE BANCO &#8211; BARRA SELLADORA 450 MM &#8211; SEGUIMIENTO DEL PROCESO Y ETIQUETADORA<\/h4>\n<p>M\u00c1QUINAS DE ENVASADO AL VAC\u00cdO DE MESA<\/p>\n<h3 class=\"sotto-titolo\">MVS45 XP<\/h3>\n<div class=\"page-text\">\n<p>Nueva concepci\u00f3n y rica de funciones la pantalla de control, instalada en estas m\u00e1quinas, a la vanguardia de la tecnolog\u00eda del sector alimentario. El panel de mando permite una r\u00e1pida configuraci\u00f3n de las operaciones gracias a su interactividad y facilidad de navegaci\u00f3n, y ayuda al usuario a programar las intervenciones t\u00e9cnicas y de asistencia.<\/p>\n<\/div>\n","protected":false},"featured_media":694,"template":"","meta":{"neve_meta_sidebar":"","neve_meta_container":"","neve_meta_enable_content_width":"off","neve_meta_content_width":100,"neve_meta_title_alignment":"","neve_meta_author_avatar":"","neve_post_elements_order":"","neve_meta_disable_header":"","neve_meta_disable_footer":"","neve_meta_disable_title":""},"class_list":["post-693","product","type-product","status-publish","has-post-thumbnail","hentry","product_cat-vacio"],"_links":{"self":[{"href":"https:\/\/sti.hn\/wp2\/wp-json\/wp\/v2\/product\/693","targetHints":{"allow":["GET"]}}],"collection":[{"href":"https:\/\/sti.hn\/wp2\/wp-json\/wp\/v2\/product"}],"about":[{"href":"https:\/\/sti.hn\/wp2\/wp-json\/wp\/v2\/types\/product"}],"version-history":[{"count":3,"href":"https:\/\/sti.hn\/wp2\/wp-json\/wp\/v2\/product\/693\/revisions"}],"predecessor-version":[{"id":906,"href":"https:\/\/sti.hn\/wp2\/wp-json\/wp\/v2\/product\/693\/revisions\/906"}],"wp:featuredmedia":[{"embeddable":true,"href":"https:\/\/sti.hn\/wp2\/wp-json\/wp\/v2\/media\/694"}],"wp:attachment":[{"href":"https:\/\/sti.hn\/wp2\/wp-json\/wp\/v2\/media?parent=693"}],"curies":[{"name":"wp","href":"https:\/\/api.w.org\/{rel}","templated":true}]}}