{"id":732,"date":"2021-11-12T00:45:10","date_gmt":"2021-11-12T00:45:10","guid":{"rendered":"https:\/\/sti.hn\/wp2\/?post_type=product&#038;p=732"},"modified":"2024-09-30T23:55:17","modified_gmt":"2024-09-30T23:55:17","slug":"maquina-para-producir-chips-de-forma-triangular-tortilla-chip-doritos","status":"publish","type":"product","link":"https:\/\/sti.hn\/wp2\/producto\/maquina-para-producir-chips-de-forma-triangular-tortilla-chip-doritos\/","title":{"rendered":"L\u00cdNEA PARA PRODUCIR CHIPS DE FORMA TRIANGULAR, TORTILLA CHIP, DORITOS"},"content":{"rendered":"\t\t<div data-elementor-type=\"wp-post\" data-elementor-id=\"732\" class=\"elementor elementor-732\" data-elementor-settings=\"[]\">\n\t\t\t\t\t\t\t<div class=\"elementor-section-wrap\">\n\t\t\t\t\t\t\t<section class=\"elementor-section elementor-top-section elementor-element elementor-element-69e9e661 elementor-section-boxed elementor-section-height-default elementor-section-height-default\" data-id=\"69e9e661\" data-element_type=\"section\">\n\t\t\t\t\t\t<div class=\"elementor-container elementor-column-gap-default\">\n\t\t\t\t\t<div class=\"elementor-column elementor-col-100 elementor-top-column elementor-element elementor-element-20370c24\" data-id=\"20370c24\" data-element_type=\"column\">\n\t\t\t<div class=\"elementor-widget-wrap elementor-element-populated\">\n\t\t\t\t\t\t\t\t<div class=\"elementor-element elementor-element-9530b02 elementor-widget elementor-widget-text-editor\" data-id=\"9530b02\" data-element_type=\"widget\" data-widget_type=\"text-editor.default\">\n\t\t\t\t<div class=\"elementor-widget-container\">\n\t\t\t\t\t<div class=\"elementor-text-editor elementor-clearfix\"><a href=\"https:\/\/sti.hn\/wp2\/wp-content\/uploads\/2021\/11\/dori2.png\"><img loading=\"lazy\" decoding=\"async\" class=\"alignnone wp-image-733\" src=\"https:\/\/sti.hn\/wp2\/wp-content\/uploads\/2021\/11\/dori2-300x104.png\" alt=\"\" width=\"704\" height=\"244\" srcset=\"https:\/\/sti.hn\/wp2\/wp-content\/uploads\/2021\/11\/dori2-300x104.png 300w, https:\/\/sti.hn\/wp2\/wp-content\/uploads\/2021\/11\/dori2-1024x354.png 1024w, https:\/\/sti.hn\/wp2\/wp-content\/uploads\/2021\/11\/dori2-768x265.png 768w, https:\/\/sti.hn\/wp2\/wp-content\/uploads\/2021\/11\/dori2-600x207.png 600w, https:\/\/sti.hn\/wp2\/wp-content\/uploads\/2021\/11\/dori2.png 1329w\" sizes=\"auto, (max-width: 704px) 100vw, 704px\" \/><\/a>\n\n<a href=\"https:\/\/sti.hn\/wp2\/wp-content\/uploads\/2021\/11\/dori3.png\"><img loading=\"lazy\" decoding=\"async\" class=\"alignnone wp-image-734\" src=\"https:\/\/sti.hn\/wp2\/wp-content\/uploads\/2021\/11\/dori3-300x54.png\" alt=\"\" width=\"700\" height=\"126\" srcset=\"https:\/\/sti.hn\/wp2\/wp-content\/uploads\/2021\/11\/dori3-300x54.png 300w, https:\/\/sti.hn\/wp2\/wp-content\/uploads\/2021\/11\/dori3-1024x185.png 1024w, https:\/\/sti.hn\/wp2\/wp-content\/uploads\/2021\/11\/dori3-768x139.png 768w, https:\/\/sti.hn\/wp2\/wp-content\/uploads\/2021\/11\/dori3-600x109.png 600w, https:\/\/sti.hn\/wp2\/wp-content\/uploads\/2021\/11\/dori3.png 1315w\" sizes=\"auto, (max-width: 700px) 100vw, 700px\" \/><\/a>\n\n<a href=\"https:\/\/sti.hn\/wp2\/wp-content\/uploads\/2021\/11\/dori4.png\"><img loading=\"lazy\" decoding=\"async\" class=\"alignnone wp-image-735\" src=\"https:\/\/sti.hn\/wp2\/wp-content\/uploads\/2021\/11\/dori4-300x236.png\" alt=\"\" width=\"694\" height=\"546\" srcset=\"https:\/\/sti.hn\/wp2\/wp-content\/uploads\/2021\/11\/dori4-300x236.png 300w, https:\/\/sti.hn\/wp2\/wp-content\/uploads\/2021\/11\/dori4-768x603.png 768w, https:\/\/sti.hn\/wp2\/wp-content\/uploads\/2021\/11\/dori4-600x471.png 600w, https:\/\/sti.hn\/wp2\/wp-content\/uploads\/2021\/11\/dori4.png 805w\" sizes=\"auto, (max-width: 694px) 100vw, 694px\" \/><\/a><\/div>\n\t\t\t\t<\/div>\n\t\t\t\t<\/div>\n\t\t\t\t\t<\/div>\n\t\t<\/div>\n\t\t\t\t\t\t\t<\/div>\n\t\t<\/section>\n\t\t\t\t\t\t<\/div>\n\t\t\t\t\t<\/div>\n\t\t","protected":false},"excerpt":{"rendered":"<p>M\u00e1quina para producir chips de forma triangular, Tortilla chip, Doritos. Y las tortillas de ma\u00edz son hechas usando ma\u00edz, aceite vegetal, sal y agua. A pesar de que las tortillas de ma\u00edz se hacen generalmente de ma\u00edz Amarillo, tambi\u00e9n puede ser de ma\u00edz blanco, azul o rojo. Despu\u00e9s de ser fritos y sazonados &#8230;A pesar de que las tortillas de ma\u00edz se hacen generalmente de ma\u00edz Amarillo, tambi\u00e9n puede ser de ma\u00edz blanco, azul o rojo. Despu\u00e9s de ser fritos y sazonados, por fin se puede obtener el chip crujiente de forma triangular el cual es muy popular entre ni\u00f1os y adultos.<\/p>\n","protected":false},"featured_media":736,"template":"","meta":{"neve_meta_sidebar":"","neve_meta_container":"","neve_meta_enable_content_width":"off","neve_meta_content_width":100,"neve_meta_title_alignment":"","neve_meta_author_avatar":"","neve_post_elements_order":"","neve_meta_disable_header":"","neve_meta_disable_footer":"","neve_meta_disable_title":""},"class_list":["post-732","product","type-product","status-publish","has-post-thumbnail","hentry","product_cat-maquisnack"],"_links":{"self":[{"href":"https:\/\/sti.hn\/wp2\/wp-json\/wp\/v2\/product\/732","targetHints":{"allow":["GET"]}}],"collection":[{"href":"https:\/\/sti.hn\/wp2\/wp-json\/wp\/v2\/product"}],"about":[{"href":"https:\/\/sti.hn\/wp2\/wp-json\/wp\/v2\/types\/product"}],"version-history":[{"count":6,"href":"https:\/\/sti.hn\/wp2\/wp-json\/wp\/v2\/product\/732\/revisions"}],"predecessor-version":[{"id":2282,"href":"https:\/\/sti.hn\/wp2\/wp-json\/wp\/v2\/product\/732\/revisions\/2282"}],"wp:featuredmedia":[{"embeddable":true,"href":"https:\/\/sti.hn\/wp2\/wp-json\/wp\/v2\/media\/736"}],"wp:attachment":[{"href":"https:\/\/sti.hn\/wp2\/wp-json\/wp\/v2\/media?parent=732"}],"curies":[{"name":"wp","href":"https:\/\/api.w.org\/{rel}","templated":true}]}}