{"id":766,"date":"2021-11-12T22:14:22","date_gmt":"2021-11-12T22:14:22","guid":{"rendered":"https:\/\/sti.hn\/wp2\/?post_type=product&#038;p=766"},"modified":"2021-11-12T23:04:46","modified_gmt":"2021-11-12T23:04:46","slug":"tr-8a","status":"publish","type":"product","link":"https:\/\/sti.hn\/wp2\/producto\/tr-8a\/","title":{"rendered":"TR 8A"},"content":{"rendered":"<div class=\"fl-module fl-module-heading fl-node-5cac6444ecda8\" data-node=\"5cac6444ecda8\">\n<div class=\"fl-module-content fl-node-content\">\n<h3 class=\"fl-heading\"><span class=\"fl-heading-text\">Datos t\u00e9cnicos<\/span><\/h3>\n<\/div>\n<\/div>\n<div class=\"fl-module fl-module-rich-text fl-node-5cac6444ec8cb\" data-node=\"5cac6444ec8cb\">\n<div class=\"fl-module-content fl-node-content\">\n<div class=\"fl-rich-text\">\n<ul>\n<li><strong>Dimensiones exteriores:<\/strong>\u00a01170 x 1050 x 1800 mm.<\/li>\n<li><strong>Dimensiones interiores:<\/strong>\u00a0800 x 600 x 418 mm.<\/li>\n<li><strong>Profunditat d\u2019immersi\u00f3:<\/strong>\u00a0250 mm<\/li>\n<li><strong>Conexi\u00f3n el\u00e8ctrica:<\/strong>\u00a03F-400V (1F-230V)<\/li>\n<li><strong>Conexi\u00f3n neum\u00e1tica:<\/strong>\u00a06 bar.<\/li>\n<li><strong>Potencia:<\/strong>\u00a022 Kw.<\/li>\n<\/ul>\n<div class=\"fl-module fl-module-heading fl-node-5cac6444ecb92\" data-node=\"5cac6444ecb92\">\n<div class=\"fl-module-content fl-node-content\">\n<h3 class=\"fl-heading\"><span class=\"fl-heading-text\">Caracter\u00edsticas<\/span><\/h3>\n<\/div>\n<\/div>\n<div class=\"fl-module fl-module-rich-text fl-node-5cac6444ece1e\" data-node=\"5cac6444ece1e\">\n<div class=\"fl-module-content fl-node-content\">\n<div class=\"fl-rich-text\">\n<ul>\n<li>Sistema de trabajo autom\u00e1tico.<\/li>\n<li>Funcionamiento independiente.<\/li>\n<li>Entrada autom\u00e1tica de agua con detector de nivel.<\/li>\n<li>Bandeja de rodillos sumergible; movimiento en 3 posiciones para la recepci\u00f3n-inmersi\u00f3n-expulsi\u00f3n de las bolsas.<\/li>\n<li>Bandeja de rodillos a la entrada y salida de las bolsas.<\/li>\n<li>Bandeja interior f\u00e1cilmente desmontable para el acceso para limpieza o mantenimiento.<\/li>\n<li>Temperatura del agua y tiempo de inmersi\u00f3n programables.<\/li>\n<li>Panel de control con 20 programas editables.<\/li>\n<li>Altura de trabajo regulable.<\/li>\n<li>Tanque retr\u00e1ctil sincronizable con la mayor\u00eda de l\u00edneas de envasado; recepci\u00f3n desde envasadora ajustable y expulsi\u00f3n a t\u00fanel de secado autom\u00e1tico.<\/li>\n<\/ul>\n<div class=\"fl-module fl-module-heading fl-node-5cac6444ecb57\" data-node=\"5cac6444ecb57\">\n<div class=\"fl-module-content fl-node-content\">\n<h3 class=\"fl-heading\"><span class=\"fl-heading-text\">Opciones CV 1000PRO, TR 8A I DR 1<\/span><\/h3>\n<\/div>\n<\/div>\n<div class=\"fl-module fl-module-rich-text fl-node-5cac657cc5855\" data-node=\"5cac657cc5855\">\n<div class=\"fl-module-content fl-node-content\">\n<div class=\"fl-rich-text\">\n<ul>\n<li>Tapa superior autom\u00e1tica en modo continuado o activaci\u00f3n mediante un sistema de manos libres con un sensor detector.<\/li>\n<li>Equipo con descarga automatizada de bolsas.<\/li>\n<li>Tanque retr\u00e1ctil sincronizable con la mayor\u00eda de l\u00edneas de envasado; recepci\u00f3n desde envasadora ajustable y expulsi\u00f3n a t\u00fanel de secado autom\u00e1tico.<\/li>\n<li>Equipo dise\u00f1ado para la integraci\u00f3n en l\u00edneas autom\u00e1ticas de envasado.<\/li>\n<li>Mantenimiento m\u00ednimo.<\/li>\n<li>Fabricaci\u00f3n en el sentido de la tarea, para la carga y descarga de productos de derecha a izquierda (est\u00e1ndar) o en el sentido contrario, para adaptarse mejor a cada l\u00ednea de producci\u00f3n.<\/li>\n<li>Sistema de secado por hoja de aire a temperatura ambiente, conectado a una turbina de alta potencia.<a href=\"https:\/\/sti.hn\/wp2\/wp-content\/uploads\/2021\/11\/retractil-automatico-tr8A-zermat.png\"><img loading=\"lazy\" decoding=\"async\" class=\"alignnone size-medium wp-image-767\" src=\"https:\/\/sti.hn\/wp2\/wp-content\/uploads\/2021\/11\/retractil-automatico-tr8A-zermat-300x204.png\" alt=\"\" width=\"300\" height=\"204\" srcset=\"https:\/\/sti.hn\/wp2\/wp-content\/uploads\/2021\/11\/retractil-automatico-tr8A-zermat-300x204.png 300w, https:\/\/sti.hn\/wp2\/wp-content\/uploads\/2021\/11\/retractil-automatico-tr8A-zermat-768x521.png 768w, https:\/\/sti.hn\/wp2\/wp-content\/uploads\/2021\/11\/retractil-automatico-tr8A-zermat-600x407.png 600w, https:\/\/sti.hn\/wp2\/wp-content\/uploads\/2021\/11\/retractil-automatico-tr8A-zermat.png 800w\" sizes=\"auto, (max-width: 300px) 100vw, 300px\" \/><\/a><\/li>\n<\/ul>\n<p>&nbsp;<\/p>\n<\/div>\n<\/div>\n<\/div>\n<\/div>\n<\/div>\n<\/div>\n<\/div>\n<\/div>\n<\/div>\n","protected":false},"excerpt":{"rendered":"<p>Tanque retr\u00e1ctil de proceso autom\u00e1tico. Construcci\u00f3n 100% inox. Temperatura del agua y tiempos de inmersi\u00f3n de bolsas programable. Sensor de entrada producto para ciclo autom\u00e1tico. Disponible en configuraci\u00f3n para la descarga autom\u00e1tica de productos hacia derecha o izquierda<\/p>\n","protected":false},"featured_media":769,"template":"","meta":{"neve_meta_sidebar":"","neve_meta_container":"","neve_meta_enable_content_width":"off","neve_meta_content_width":100,"neve_meta_title_alignment":"","neve_meta_author_avatar":"","neve_post_elements_order":"","neve_meta_disable_header":"","neve_meta_disable_footer":"","neve_meta_disable_title":""},"class_list":["post-766","product","type-product","status-publish","has-post-thumbnail","hentry","product_cat-retau"],"_links":{"self":[{"href":"https:\/\/sti.hn\/wp2\/wp-json\/wp\/v2\/product\/766","targetHints":{"allow":["GET"]}}],"collection":[{"href":"https:\/\/sti.hn\/wp2\/wp-json\/wp\/v2\/product"}],"about":[{"href":"https:\/\/sti.hn\/wp2\/wp-json\/wp\/v2\/types\/product"}],"version-history":[{"count":1,"href":"https:\/\/sti.hn\/wp2\/wp-json\/wp\/v2\/product\/766\/revisions"}],"predecessor-version":[{"id":768,"href":"https:\/\/sti.hn\/wp2\/wp-json\/wp\/v2\/product\/766\/revisions\/768"}],"wp:featuredmedia":[{"embeddable":true,"href":"https:\/\/sti.hn\/wp2\/wp-json\/wp\/v2\/media\/769"}],"wp:attachment":[{"href":"https:\/\/sti.hn\/wp2\/wp-json\/wp\/v2\/media?parent=766"}],"curies":[{"name":"wp","href":"https:\/\/api.w.org\/{rel}","templated":true}]}}