{"id":779,"date":"2021-11-12T23:54:21","date_gmt":"2021-11-12T23:54:21","guid":{"rendered":"https:\/\/sti.hn\/wp2\/?post_type=product&#038;p=779"},"modified":"2021-11-12T23:54:22","modified_gmt":"2021-11-12T23:54:22","slug":"dr-1","status":"publish","type":"product","link":"https:\/\/sti.hn\/wp2\/producto\/dr-1\/","title":{"rendered":"DR 1"},"content":{"rendered":"<div class=\"fl-module fl-module-heading fl-node-5e4a5fece4374\" data-node=\"5e4a5fece4374\">\n<div class=\"fl-module-content fl-node-content\">\n<h3 class=\"fl-heading\"><span class=\"fl-heading-text\">Datos T\u00e9cnicos<\/span><\/h3>\n<\/div>\n<\/div>\n<div class=\"fl-module fl-module-rich-text fl-node-5e4a5fece3eed\" data-node=\"5e4a5fece3eed\">\n<div class=\"fl-module-content fl-node-content\">\n<div class=\"fl-rich-text\">\n<ul>\n<li><strong>Medidas exteriores:\u00a0<\/strong>1200 x 800 x 1400 mm<\/li>\n<li><strong>Anchura cinta de transporte:<\/strong>\u00a0600 mm<\/li>\n<li><strong>Altura m\u00e1xima de producto a secar:\u00a0<\/strong>250 mm<\/li>\n<li><strong>Altura m\u00ednima de producto a secar<\/strong>: 15 mm<\/li>\n<li><strong>Velocidad de trabajo:<\/strong>\u00a0variable<\/li>\n<li><strong>Producci\u00f3n:<\/strong>\u00a0continua<\/li>\n<li><strong>Conexi\u00f3n el\u00e9ctrica:<\/strong>\u00a03F &#8211; 380V (3F &#8211; 220V)<\/li>\n<\/ul>\n<div class=\"fl-module fl-module-heading fl-node-5e4a5fece4174\" data-node=\"5e4a5fece4174\">\n<div class=\"fl-module-content fl-node-content\">\n<h3 class=\"fl-heading\"><span class=\"fl-heading-text\">Caracter\u00edsticas<\/span><\/h3>\n<\/div>\n<\/div>\n<div class=\"fl-module fl-module-rich-text fl-node-5e4a5fece43e6\" data-node=\"5e4a5fece43e6\">\n<div class=\"fl-module-content fl-node-content\">\n<div class=\"fl-rich-text\">\n<ul>\n<li>T\u00fanel con cinta transportadora para el secado en continuo de bolsas.<\/li>\n<li>Sistema de secado por cuchilla de aire a temperatura ambiente conectada a turbina de alta potencia.<\/li>\n<li>Construcci\u00f3n s\u00f3lida y robusta en acero inox-.<\/li>\n<li>Potencia regulable de salida de aire superior e inferior.<\/li>\n<li>Velocidad de la cinta regulable para ajustar el tiempo de paso de los productos\u00a0por la barrera de aire.<\/li>\n<li>Fotoc\u00e9lula para la detecci\u00f3n de entrada de productos; la turbina se activa-desactiva seg\u00fan el paso de productos.<\/li>\n<\/ul>\n<\/div>\n<\/div>\n<\/div>\n<div class=\"fl-module fl-module-heading fl-node-5e4a5fece4160\" data-node=\"5e4a5fece4160\">\n<div class=\"fl-module-content fl-node-content\">\n<h3 class=\"fl-heading\"><span class=\"fl-heading-text\">Opciones<\/span><\/h3>\n<\/div>\n<\/div>\n<div class=\"fl-module fl-module-rich-text fl-node-5e4a5fece3f25\" data-node=\"5e4a5fece3f25\">\n<div class=\"fl-module-content fl-node-content\">\n<div class=\"fl-rich-text\">\n<ul>\n<li>Posibilidad de activar solo la cinta, sin funci\u00f3n de secado.<\/li>\n<li>Componentes de alta calidad para la m\u00e1xima durabilidad.<\/li>\n<li>M\u00e1quina sincronizable a cualquier l\u00ednea continua de envasado, posibilidad de conectar con la mayor\u00eda de equipos retr\u00e1ctiles con descarga automatizada.<\/li>\n<li>Tapa superior autom\u00e1tica en modo continuo o accionable mediante el sistema \u201cmanos libres\u201d con sensor detector.<\/li>\n<li>Equipo con descarga automatizada de bolsas.<\/li>\n<li>Tanque retr\u00e1ctil sincronizable con la mayor\u00eda de l\u00edneas de envasado, recepci\u00f3n desde envasadora ajustable y expulsi\u00f3n a t\u00fanel de secado autom\u00e1tico.<\/li>\n<li>Equipo dise\u00f1ado para la integraci\u00f3n en l\u00edneas autom\u00e1ticas de envasado.<\/li>\n<li>M\u00ednimo mantenimiento.<\/li>\n<li>Fabricaci\u00f3n con sentido de trabajo para carga-descarga de productos de derecha a izquierda (est\u00e1ndar) o en sentido opuesto, para la mejor adaptaci\u00f3n a cada l\u00ednea de producci\u00f3n.<\/li>\n<li>Sistema de secado por cuchilla de aire a temperatura ambiente conectado a turbina de alta potencia.<\/li>\n<\/ul>\n<\/div>\n<\/div>\n<\/div>\n<\/div>\n<\/div>\n<\/div>\n","protected":false},"excerpt":{"rendered":"<div class=\"fl-module fl-module-rich-text fl-node-5e4a5fece433b\" data-node=\"5e4a5fece433b\">\n<div class=\"fl-module-content fl-node-content\">\n<div class=\"fl-rich-text\">\n<p>Sistema de secado por cuchilla de aire.<br \/>\nT\u00fanel con cinta transportadora.<br \/>\nM\u00ednimo mantenimiento.<br \/>\nEquipo dise\u00f1ado para la integraci\u00f3n en l\u00edneas autom\u00e1ticas de envasado.<\/p>\n<\/div>\n<\/div>\n<\/div>\n<div class=\"fl-module fl-module-rich-text fl-node-5e4a63abc28e9\" data-node=\"5e4a63abc28e9\">\n<div class=\"fl-module-content fl-node-content\">\n<div class=\"fl-rich-text\">\n<p>Con nuestro equipo de secado autom\u00e1tico modelo DR1 es posible sincronizar con los tanques de retracci\u00f3n modelos TR8 y TR10.<\/p>\n<p>El t\u00fanel de secado trabaja de modo continuo, todas las bolsas procedentes del tanque retr\u00e1ctil pasan por el t\u00fanel de secado y salen de este sin agua.<\/p>\n<p>Este proceso es altamente recomendable para proyectos\/producciones en los que se tienen que etiquetar las bolsas justo a la salida del proceso retr\u00e1ctil, o donde hay que poner las bolsas ya retractiladas en cajas de cart\u00f3n, para evitar que este se descomponga con el agua de la bolsas, es conveniente pasar estas por el t\u00fanel de secado DR1.<\/p>\n<\/div>\n<\/div>\n<\/div>\n","protected":false},"featured_media":778,"template":"","meta":{"neve_meta_sidebar":"","neve_meta_container":"","neve_meta_enable_content_width":"off","neve_meta_content_width":100,"neve_meta_title_alignment":"","neve_meta_author_avatar":"","neve_post_elements_order":"","neve_meta_disable_header":"","neve_meta_disable_footer":"","neve_meta_disable_title":""},"class_list":["post-779","product","type-product","status-publish","has-post-thumbnail","hentry","product_cat-sec"],"_links":{"self":[{"href":"https:\/\/sti.hn\/wp2\/wp-json\/wp\/v2\/product\/779","targetHints":{"allow":["GET"]}}],"collection":[{"href":"https:\/\/sti.hn\/wp2\/wp-json\/wp\/v2\/product"}],"about":[{"href":"https:\/\/sti.hn\/wp2\/wp-json\/wp\/v2\/types\/product"}],"version-history":[{"count":1,"href":"https:\/\/sti.hn\/wp2\/wp-json\/wp\/v2\/product\/779\/revisions"}],"predecessor-version":[{"id":784,"href":"https:\/\/sti.hn\/wp2\/wp-json\/wp\/v2\/product\/779\/revisions\/784"}],"wp:featuredmedia":[{"embeddable":true,"href":"https:\/\/sti.hn\/wp2\/wp-json\/wp\/v2\/media\/778"}],"wp:attachment":[{"href":"https:\/\/sti.hn\/wp2\/wp-json\/wp\/v2\/media?parent=779"}],"curies":[{"name":"wp","href":"https:\/\/api.w.org\/{rel}","templated":true}]}}