{"id":786,"date":"2021-11-13T00:03:40","date_gmt":"2021-11-13T00:03:40","guid":{"rendered":"https:\/\/sti.hn\/wp2\/?post_type=product&#038;p=786"},"modified":"2024-09-30T23:51:46","modified_gmt":"2024-09-30T23:51:46","slug":"termoselladora-al-vacio-para-bandejas-mas-grandes","status":"publish","type":"product","link":"https:\/\/sti.hn\/wp2\/producto\/termoselladora-al-vacio-para-bandejas-mas-grandes\/","title":{"rendered":"TBG PLUS"},"content":{"rendered":"\t\t<div data-elementor-type=\"wp-post\" data-elementor-id=\"786\" class=\"elementor elementor-786\" data-elementor-settings=\"[]\">\n\t\t\t\t\t\t\t<div class=\"elementor-section-wrap\">\n\t\t\t\t\t\t\t<section class=\"elementor-section elementor-top-section elementor-element elementor-element-49dafe62 elementor-section-boxed elementor-section-height-default elementor-section-height-default\" data-id=\"49dafe62\" data-element_type=\"section\">\n\t\t\t\t\t\t<div class=\"elementor-container elementor-column-gap-default\">\n\t\t\t\t\t<div class=\"elementor-column elementor-col-100 elementor-top-column elementor-element elementor-element-5339ee4c\" data-id=\"5339ee4c\" data-element_type=\"column\">\n\t\t\t<div class=\"elementor-widget-wrap elementor-element-populated\">\n\t\t\t\t\t\t\t\t<div class=\"elementor-element elementor-element-47701626 elementor-widget elementor-widget-text-editor\" data-id=\"47701626\" data-element_type=\"widget\" data-widget_type=\"text-editor.default\">\n\t\t\t\t<div class=\"elementor-widget-container\">\n\t\t\t\t\t<div class=\"elementor-text-editor elementor-clearfix\"><div class=\"fl-module fl-module-heading fl-node-6074167b0a176\" data-node=\"6074167b0a176\">\n<div class=\"fl-module-content fl-node-content\">\n<h3 class=\"fl-heading\"><span class=\"fl-heading-text\">Caracter\u00edsticas t\u00e9cnicas<\/span><\/h3>\n<\/div>\n<\/div>\n<div class=\"fl-module fl-module-rich-text fl-node-6074167b0a168\" data-node=\"6074167b0a168\">\n<div class=\"fl-module-content fl-node-content\">\n<div class=\"fl-rich-text\">\n<ul>\n \t<li><strong>Dimensiones exteriores:<\/strong>\u00a0460 x 610 x 690 mm<\/li>\n \t<li><strong>Dimensiones cerrada:<\/strong>\u00a0300 x 610 x 465 mm<\/li>\n \t<li><strong>Conexi\u00f3n de gas:<\/strong>\u00a02-4 Mbar (opcional)<\/li>\n \t<li><strong>Tensi\u00f3n el\u00e9ctrica:<\/strong>\u00a0230 V<\/li>\n \t<li><strong>Potencia:<\/strong>\u00a0950 W<\/li>\n \t<li><strong>Peso:<\/strong>\u00a045 Kg<\/li>\n<\/ul>\n<div class=\"fl-module fl-module-heading fl-node-607417b34ae85\" data-node=\"607417b34ae85\">\n<div class=\"fl-module-content fl-node-content\">\n<h3 class=\"fl-heading\"><span class=\"fl-heading-text\">Informaci\u00f3n general<\/span><\/h3>\n<\/div>\n<\/div>\n<div class=\"fl-module fl-module-rich-text fl-node-6074167b0a17d\" data-node=\"6074167b0a17d\">\n<div class=\"fl-module-content fl-node-content\">\n<div class=\"fl-rich-text\">\n<ul>\n \t<li>Termoselladora para bandejas, posibilidad de sellado simple o con aplicaci\u00f3n de gas por sistema de barrido<\/li>\n \t<li>Sellado autom\u00e1tico, sistema de caj\u00f3n con soldadura y corte de film en el interior de la c\u00e0mera<\/li>\n \t<li>Tiempo de sellado programable. Regulaci\u00f3n para una perfecta soldadura en cualquier tipo de material film y bandeja correspondientes<\/li>\n \t<li>Control electr\u00f3nico temperatura con avisador ac\u00fastico ready y fin de ciclo<\/li>\n \t<li>Medida m\u00e1xima bandeja permitida: 325 x 265 mm<\/li>\n \t<li>Medida m\u00e1xima bobina film: ancho 420mm \u2013 di\u00e1metro 200mm<\/li>\n \t<li>Presentaci\u00f3n de producto perfecta con calidad de entrega en cualquier precocinado o plato preparado<\/li>\n \t<li>Sellado higi\u00e9nico y estanco<\/li>\n \t<li>Construcci\u00f3n s\u00f3lida y robusta en acero inoxidable y aluminio<\/li>\n \t<li>Panel de control con 10 programas<\/li>\n \t<li>M\u00e1xima seguridad: Placa de sellado y cuchilla de corte de film en el interior del equipo<\/li>\n \t<li>Opci\u00f3n para trabajar con inyecci\u00f3n de gas para aumentar la caducidad del alimento (requiere conexi\u00f3n a suministro de gas alimentario)<\/li>\n<\/ul>\n<\/div>\n<\/div>\n<\/div>\n<div class=\"fl-module fl-module-heading fl-node-6074167b0a16e\" data-node=\"6074167b0a16e\">\n<div class=\"fl-module-content fl-node-content\">\n<h3 class=\"fl-heading\"><span class=\"fl-heading-text\">Informaci\u00f3n acerca de los moldes<\/span><\/h3>\n<\/div>\n<\/div>\n<div class=\"fl-module fl-module-rich-text fl-node-607417b881f42\" data-node=\"607417b881f42\">\n<div class=\"fl-module-content fl-node-content\">\n<div class=\"fl-rich-text\">\n\nMolde a medida\nMolde recomendado:\n<ul>\n \t<li>2 unidades \u00bc gastronom<\/li>\n \t<li>1 unidad \u00bd gastronom<\/li>\n<\/ul>\n<\/div>\n<\/div>\n<\/div>\n<\/div>\n<\/div>\n<\/div><\/div>\n\t\t\t\t<\/div>\n\t\t\t\t<\/div>\n\t\t\t\t\t<\/div>\n\t\t<\/div>\n\t\t\t\t\t\t\t<\/div>\n\t\t<\/section>\n\t\t\t\t\t\t<\/div>\n\t\t\t\t\t<\/div>\n\t\t","protected":false},"excerpt":{"rendered":"<p>Modelo con las mismas funciones que la TBG con medidas extras para:<\/p>\n<ul>\n<li>Bandejas M\u00c1S GRANDES o 2 bandejas por ciclo<\/li>\n<\/ul>\n<p>Medida m\u00e1xima bandeja: 400&#215;260 mm<br \/>\nSellado higi\u00e9nico y estanco<br \/>\nControl electr\u00f3nico de temperatura<\/p>\n","protected":false},"featured_media":787,"template":"","meta":{"neve_meta_sidebar":"","neve_meta_container":"","neve_meta_enable_content_width":"off","neve_meta_content_width":100,"neve_meta_title_alignment":"","neve_meta_author_avatar":"","neve_post_elements_order":"","neve_meta_disable_header":"","neve_meta_disable_footer":"","neve_meta_disable_title":""},"class_list":["post-786","product","type-product","status-publish","has-post-thumbnail","hentry","product_cat-term"],"_links":{"self":[{"href":"https:\/\/sti.hn\/wp2\/wp-json\/wp\/v2\/product\/786","targetHints":{"allow":["GET"]}}],"collection":[{"href":"https:\/\/sti.hn\/wp2\/wp-json\/wp\/v2\/product"}],"about":[{"href":"https:\/\/sti.hn\/wp2\/wp-json\/wp\/v2\/types\/product"}],"version-history":[{"count":5,"href":"https:\/\/sti.hn\/wp2\/wp-json\/wp\/v2\/product\/786\/revisions"}],"predecessor-version":[{"id":2274,"href":"https:\/\/sti.hn\/wp2\/wp-json\/wp\/v2\/product\/786\/revisions\/2274"}],"wp:featuredmedia":[{"embeddable":true,"href":"https:\/\/sti.hn\/wp2\/wp-json\/wp\/v2\/media\/787"}],"wp:attachment":[{"href":"https:\/\/sti.hn\/wp2\/wp-json\/wp\/v2\/media?parent=786"}],"curies":[{"name":"wp","href":"https:\/\/api.w.org\/{rel}","templated":true}]}}