{"id":804,"date":"2021-11-15T11:55:53","date_gmt":"2021-11-15T11:55:53","guid":{"rendered":"https:\/\/sti.hn\/wp2\/?post_type=product&#038;p=804"},"modified":"2021-11-15T11:58:36","modified_gmt":"2021-11-15T11:58:36","slug":"synthesis-inox","status":"publish","type":"product","link":"https:\/\/sti.hn\/wp2\/producto\/synthesis-inox\/","title":{"rendered":"SYNTHESIS INOX"},"content":{"rendered":"<h4 class=\"h4\">CARACTER\u00cdSTICAS T\u00c9CNICAS<\/h4>\n<div class=\"table-area\">\n<div class=\"table-holder exp3\">\n<table style=\"height: 349px;\" width=\"781\">\n<tbody>\n<tr>\n<td class=\"col1\">Alimentaci\u00f3n el\u00e9ctrica<\/td>\n<td class=\"col2\">V<\/td>\n<td class=\"col2\">230<\/td>\n<\/tr>\n<tr class=\"even\">\n<td class=\"col1\">Fase<\/td>\n<td class=\"col2\">ph<\/td>\n<td class=\"col2\">1<\/td>\n<\/tr>\n<tr>\n<td class=\"col1\">Potencia M\u00c1X instalada<\/td>\n<td class=\"col2\">kW<\/td>\n<td class=\"col2\">3.2<\/td>\n<\/tr>\n<tr class=\"even\">\n<td class=\"col1\">Producci\u00f3n horaria<\/td>\n<td class=\"col2\">p\/h (pph)<\/td>\n<td class=\"col2\">300<\/td>\n<\/tr>\n<tr>\n<td class=\"col1\">Dimensiones \u00fatiles barras soldadoras<\/td>\n<td class=\"col2\">mm<\/td>\n<td class=\"col2\">530&#215;390<\/td>\n<\/tr>\n<tr class=\"even\">\n<td class=\"col1\">Dimensiones M\u00c1X Bobina (di\u00e1metro)<\/td>\n<td class=\"col2\">mm<\/td>\n<td class=\"col2\">250<\/td>\n<\/tr>\n<tr>\n<td class=\"col1\">Dimensiones M\u00c1X Banda Bobina (ancho)<\/td>\n<td class=\"col2\">mm<\/td>\n<td class=\"col2\">600<\/td>\n<\/tr>\n<tr class=\"even\">\n<td class=\"col1\">Altura plano de trabajo<\/td>\n<td class=\"col2\">mm<\/td>\n<td class=\"col2\">915<\/td>\n<\/tr>\n<tr>\n<td class=\"col1\">Dimensiones m\u00e1quina tapa abierta<\/td>\n<td class=\"col2\">mm<\/td>\n<td class=\"col2\">1280x780x h.1400<\/td>\n<\/tr>\n<tr class=\"even\">\n<td class=\"col1\">Dimensiones m\u00e1quina tapa cerrada<\/td>\n<td class=\"col2\">mm<\/td>\n<td class=\"col2\">1280x780x h.1180<\/td>\n<\/tr>\n<tr>\n<td class=\"col1\">Peso m\u00e1quina (Neto\/Bruto)<\/td>\n<td class=\"col2\">kg<\/td>\n<td class=\"col2\">100\/134<\/td>\n<\/tr>\n<tr class=\"even\">\n<td class=\"col1\">Dimensiones carro<\/td>\n<td class=\"col2\">mm<\/td>\n<td class=\"col2\">850x590x620<\/td>\n<\/tr>\n<tr>\n<td class=\"col1\">Peso carro (Neto\/Bruto)<\/td>\n<td class=\"col2\">kg<\/td>\n<td class=\"col2\">20,5\/23<\/td>\n<\/tr>\n<\/tbody>\n<\/table>\n<\/div>\n<\/div>\n","protected":false},"excerpt":{"rendered":"<h4 class=\"h5\">TERMORRETR\u00c1CTIL MANUAL DE CARRO &#8211; ACERO INOXIDABLE IDEAL PARA ENVASADO ALIMENTARIO &#8211; BARRA SOLDADORA 530X390 MM<\/h4>\n<div class=\"page-text\">\n<p><strong>SYNTHESIS INOX\u00a0<\/strong>es ideal para empaquetar alimentos: pizza, dulces, pan, todo con gran simplicidad e higiene.<\/p>\n<p>El nuevo sistema de ventilaci\u00f3n forzada, colocado en la parte posterior de la m\u00e1quina, permite mantener una temperatura constante, sin sobrecalentamientos. La ausencia de motores, ventiladores y fieltro en el fondo de la campana, garantiza una limpieza simple e higiene absoluta.<\/p>\n<p>La soldadura y la retracci\u00f3n, con rendimiento elevado para todo tipo de pel\u00edcula, se realizan contempor\u00e1neamente, con la configuraci\u00f3n de los valores directamente visible en la pantalla. Gracias a este conjunto de innovaciones tecnol\u00f3gicas se obtiene un notable ahorro de energ\u00eda (hasta el 20%).<\/p>\n<\/div>\n","protected":false},"featured_media":807,"template":"","meta":{"neve_meta_sidebar":"","neve_meta_container":"","neve_meta_enable_content_width":"off","neve_meta_content_width":100,"neve_meta_title_alignment":"","neve_meta_author_avatar":"","neve_post_elements_order":"","neve_meta_disable_header":"","neve_meta_disable_footer":"","neve_meta_disable_title":""},"class_list":["post-804","product","type-product","status-publish","has-post-thumbnail","hentry","product_cat-termcam"],"_links":{"self":[{"href":"https:\/\/sti.hn\/wp2\/wp-json\/wp\/v2\/product\/804","targetHints":{"allow":["GET"]}}],"collection":[{"href":"https:\/\/sti.hn\/wp2\/wp-json\/wp\/v2\/product"}],"about":[{"href":"https:\/\/sti.hn\/wp2\/wp-json\/wp\/v2\/types\/product"}],"version-history":[{"count":1,"href":"https:\/\/sti.hn\/wp2\/wp-json\/wp\/v2\/product\/804\/revisions"}],"predecessor-version":[{"id":806,"href":"https:\/\/sti.hn\/wp2\/wp-json\/wp\/v2\/product\/804\/revisions\/806"}],"wp:featuredmedia":[{"embeddable":true,"href":"https:\/\/sti.hn\/wp2\/wp-json\/wp\/v2\/media\/807"}],"wp:attachment":[{"href":"https:\/\/sti.hn\/wp2\/wp-json\/wp\/v2\/media?parent=804"}],"curies":[{"name":"wp","href":"https:\/\/api.w.org\/{rel}","templated":true}]}}