{"id":817,"date":"2021-11-18T22:29:31","date_gmt":"2021-11-18T22:29:31","guid":{"rendered":"https:\/\/sti.hn\/wp2\/?post_type=product&#038;p=817"},"modified":"2021-11-18T22:29:32","modified_gmt":"2021-11-18T22:29:32","slug":"maquina-enfardadora-ms-70-2","status":"publish","type":"product","link":"https:\/\/sti.hn\/wp2\/producto\/maquina-enfardadora-ms-70-2\/","title":{"rendered":"M\u00c1QUINA ENFARDADORA MS 70"},"content":{"rendered":"<h4 class=\"h4\">CARACTER\u00cdSTICAS T\u00c9CNICAS<\/h4>\n<div class=\"table-area\">\n<div class=\"table-holder exp3\">\n<table style=\"height: 431px;\" width=\"747\">\n<tbody>\n<tr>\n<td class=\"col1\">Alimentaci\u00f3n el\u00e9ctrica<\/td>\n<td class=\"col2\">V<\/td>\n<td class=\"col2\">220\/400<\/td>\n<\/tr>\n<tr class=\"even\">\n<td class=\"col1\">Fase<\/td>\n<td class=\"col2\">ph<\/td>\n<td class=\"col2\">3<\/td>\n<\/tr>\n<tr>\n<td class=\"col1\">Potencia el\u00e9ctrica<\/td>\n<td class=\"col2\">kW<\/td>\n<td class=\"col2\">20<\/td>\n<\/tr>\n<tr class=\"even\">\n<td class=\"col1\">Consumo el\u00e9ctrico<\/td>\n<td class=\"col2\">kWh<\/td>\n<td class=\"col2\">10<\/td>\n<\/tr>\n<tr>\n<td class=\"col1\">Presi\u00f3n de aire<\/td>\n<td class=\"col2\">bar<\/td>\n<td class=\"col2\">6<\/td>\n<\/tr>\n<tr class=\"even\">\n<td class=\"col1\">Consumo de aire por ciclo<\/td>\n<td class=\"col2\">nl<\/td>\n<td class=\"col2\">15<\/td>\n<\/tr>\n<tr>\n<td class=\"col1\">Producci\u00f3n horaria<\/td>\n<td class=\"col2\">p\/h (pph)<\/td>\n<td class=\"col2\">Hasta 12 ppm<\/td>\n<\/tr>\n<tr class=\"even\">\n<td class=\"col1\">Barra selladora<\/td>\n<td class=\"col2\">mm<\/td>\n<td class=\"col2\">700<\/td>\n<\/tr>\n<tr>\n<td class=\"col1\">Altura M\u00c1X. producto<\/td>\n<td class=\"col2\">mm<\/td>\n<td class=\"col2\">380<\/td>\n<\/tr>\n<tr class=\"even\">\n<td class=\"col1\">Dimensiones M\u00c1X. Bobina<\/td>\n<td class=\"col2\">mm<\/td>\n<td class=\"col2\">\u00d8 350&#215;680<\/td>\n<\/tr>\n<tr>\n<td class=\"col1\">Altura plano de trabajo<\/td>\n<td class=\"col2\">mm<\/td>\n<td class=\"col2\">Est\u00e1ndar 850+25<\/td>\n<\/tr>\n<tr class=\"even\">\n<td class=\"col1\">Dimensiones m\u00e1quina<\/td>\n<td class=\"col2\">mm<\/td>\n<td class=\"col2\">2890x1200x h.1980<\/td>\n<\/tr>\n<tr>\n<td class=\"col1\">Dimensiones entrada t\u00fanel<\/td>\n<td class=\"col2\">mm<\/td>\n<td class=\"col2\">600x h.400<\/td>\n<\/tr>\n<tr class=\"even\">\n<td class=\"col1\">Longitud de la c\u00e1mara t\u00fanel<\/td>\n<td class=\"col2\">mm<\/td>\n<td class=\"col2\">1300<\/td>\n<\/tr>\n<tr>\n<td class=\"col1\">Peso m\u00e1quina<\/td>\n<td class=\"col2\">kg<\/td>\n<td class=\"col2\">1000<\/td>\n<\/tr>\n<\/tbody>\n<\/table>\n<\/div>\n<\/div>\n","protected":false},"excerpt":{"rendered":"<p class=\"h5\">M\u00c1QUINA ENFARDADORA SEMIAUTOM\u00c1TICA CON EMPUJADOR &#8211; BARRA SELLADORA 700 MM<\/p>\n<p class=\"h5\">Semiautom\u00e1tica con empujador<\/p>\n<div class=\"page-text\">\n<p>Los modelos de la gama MS representan la extrema simplificaci\u00f3n en las m\u00e1quinas enfardadoras, se fabrican con una s\u00f3lida estructura en monobloque y est\u00e1n equipados con fotoc\u00e9lula de seguridad, que bloquea la barra selladora si encuentra obst\u00e1culos en su trayectoria.<\/p>\n<p>Las enfardadoras MS empaquetan productos individuales o m\u00faltiples con film en polietileno Gracias a la amplia propuesta de accesorios opcionales MS pueden satisfacer cualquier exigencia de empaquetado.<\/p>\n<\/div>\n<p>&nbsp;<\/p>\n<p>CARACTER\u00cdSTICAS PRINCIPALES<\/p>\n<div id=\"punto-10381\" class=\"slide\">\n<ul>\n<li>Empujador neum\u00e1tico en l\u00ednea con rascador<\/li>\n<li>Barra en caliente &#8211; tipo de barra selladora con corte de film mediante cuchilla en fr\u00edo<\/li>\n<li>Fotoc\u00e9lula de seguridad que bloquea la barra selladora si encuentra un obst\u00e1culo en su trayectoria<\/li>\n<li>Apertura de pasaje debajo de la barra selladora 380 mil\u00edmetros<\/li>\n<li>Sistema autom\u00e1tico superior e inferior para el desenrollamiento de la bobina del film con rodillos de arrastre<\/li>\n<li>T\u00fanel de termorretracci\u00f3n Lungh. 1300 mm con sistema de recirculaci\u00f3n del aire<\/li>\n<li>Velocidad regulable de la cinta transportadora dentro del t\u00fanel<\/li>\n<li>Potencia instalada 20kW\u00a0 &#8211; El consumo medio de energ\u00eda el\u00e9ctrica se reduce de alrededor del 40% durante el funcionamiento normal<\/li>\n<li>Consumo de aire 15 nl\/min<\/li>\n<li>Componentes neum\u00e1ticos que funcionan con aire no lubricado en seco<\/li>\n<li>Interruptor para el funcionamiento manual o semi-autom\u00e1tico<\/li>\n<li>Alimentaci\u00f3n: Opci\u00f3n entre 3 fases 220 V y 400 V 3 fases + N + T<\/li>\n<li>M\u00e1quinas compatibles con la Directiva M\u00e1quinas 2006\/42\/CE<\/li>\n<\/ul>\n<\/div>\n","protected":false},"featured_media":815,"template":"","meta":{"neve_meta_sidebar":"","neve_meta_container":"","neve_meta_enable_content_width":"off","neve_meta_content_width":100,"neve_meta_title_alignment":"","neve_meta_author_avatar":"","neve_post_elements_order":"","neve_meta_disable_header":"","neve_meta_disable_footer":"","neve_meta_disable_title":""},"class_list":["post-817","product","type-product","status-publish","has-post-thumbnail","hentry","product_cat-maquinas-enfardadoras"],"_links":{"self":[{"href":"https:\/\/sti.hn\/wp2\/wp-json\/wp\/v2\/product\/817","targetHints":{"allow":["GET"]}}],"collection":[{"href":"https:\/\/sti.hn\/wp2\/wp-json\/wp\/v2\/product"}],"about":[{"href":"https:\/\/sti.hn\/wp2\/wp-json\/wp\/v2\/types\/product"}],"version-history":[{"count":1,"href":"https:\/\/sti.hn\/wp2\/wp-json\/wp\/v2\/product\/817\/revisions"}],"predecessor-version":[{"id":820,"href":"https:\/\/sti.hn\/wp2\/wp-json\/wp\/v2\/product\/817\/revisions\/820"}],"wp:featuredmedia":[{"embeddable":true,"href":"https:\/\/sti.hn\/wp2\/wp-json\/wp\/v2\/media\/815"}],"wp:attachment":[{"href":"https:\/\/sti.hn\/wp2\/wp-json\/wp\/v2\/media?parent=817"}],"curies":[{"name":"wp","href":"https:\/\/api.w.org\/{rel}","templated":true}]}}