{"id":838,"date":"2021-11-18T23:59:36","date_gmt":"2021-11-18T23:59:36","guid":{"rendered":"https:\/\/sti.hn\/wp2\/?post_type=product&#038;p=838"},"modified":"2021-11-18T23:59:36","modified_gmt":"2021-11-18T23:59:36","slug":"miniflow-380-2","status":"publish","type":"product","link":"https:\/\/sti.hn\/wp2\/producto\/miniflow-380-2\/","title":{"rendered":"MINIFLOW 380"},"content":{"rendered":"<h4 class=\"h4\">CARACTER\u00cdSTICAS T\u00c9CNICAS<\/h4>\n<div class=\"table-area\">\n<div class=\"table-holder exp3\">\n<table style=\"height: 399px;\" width=\"784\">\n<tbody>\n<tr>\n<td class=\"col1\">Alimentaci\u00f3n el\u00e9ctrica<\/td>\n<td class=\"col2\">V<\/td>\n<td class=\"col2\">220<\/td>\n<\/tr>\n<tr class=\"even\">\n<td class=\"col1\">Fase<\/td>\n<td class=\"col2\">ph<\/td>\n<td class=\"col2\">1<\/td>\n<\/tr>\n<tr>\n<td class=\"col1\">Potencia el\u00e9ctrica<\/td>\n<td class=\"col2\">kW<\/td>\n<td class=\"col2\">2<\/td>\n<\/tr>\n<tr class=\"even\">\n<td class=\"col1\">Consumo el\u00e9ctrico<\/td>\n<td class=\"col2\">kWh<\/td>\n<td class=\"col2\">1,8<\/td>\n<\/tr>\n<tr>\n<td class=\"col1\">Producci\u00f3n horaria<\/td>\n<td class=\"col2\">p\/h (pph)<\/td>\n<td class=\"col2\">Hasta 4800<\/td>\n<\/tr>\n<tr class=\"even\">\n<td class=\"col1\">Barra selladora<\/td>\n<td class=\"col2\">mm<\/td>\n<td class=\"col2\">160<\/td>\n<\/tr>\n<tr>\n<td class=\"col1\">Peso M\u00c1X. del producto<\/td>\n<td class=\"col2\">g<\/td>\n<td class=\"col2\">500<\/td>\n<\/tr>\n<tr class=\"even\">\n<td class=\"col1\">Altura M\u00c1X. del producto<\/td>\n<td class=\"col2\">mm<\/td>\n<td class=\"col2\">75<\/td>\n<\/tr>\n<tr>\n<td class=\"col1\">Longitud M\u00c1X. del producto<\/td>\n<td class=\"col2\">mm<\/td>\n<td class=\"col2\">500<\/td>\n<\/tr>\n<tr class=\"even\">\n<td class=\"col1\">Dimensi\u00f3n M\u00c1X. Di\u00e1metro de la bobina<\/td>\n<td class=\"col2\">mm<\/td>\n<td class=\"col2\">350<\/td>\n<\/tr>\n<tr>\n<td class=\"col1\">Dimensiones M\u00c1X. de la banda de la bobina<\/td>\n<td class=\"col2\">mm<\/td>\n<td class=\"col2\">380<\/td>\n<\/tr>\n<tr class=\"even\">\n<td class=\"col1\">Altura de la superficie de trabajo<\/td>\n<td class=\"col2\">mm<\/td>\n<td class=\"col2\">800\/950<\/td>\n<\/tr>\n<tr>\n<td class=\"col1\">Dimensiones de la m\u00e1quina<\/td>\n<td class=\"col2\">mm<\/td>\n<td class=\"col2\">2200x800x h.1800<\/td>\n<\/tr>\n<tr class=\"even\">\n<td class=\"col1\">Peso de la m\u00e1quina<\/td>\n<td class=\"col2\">kg<\/td>\n<td class=\"col2\">320<\/td>\n<\/tr>\n<\/tbody>\n<\/table>\n<\/div>\n<\/div>\n","protected":false},"excerpt":{"rendered":"<p class=\"h5\">ENVASADORA FLOWPACK COMPLETAMENTE ELECTRONICA<\/p>\n<p>Envasadora flowpack<\/p>\n<div class=\"page-text\">\n<p>Dise\u00f1ada para simplificar al m\u00e1ximo al cliente las operaciones de mantenimiento y limpieza.<\/p>\n<p>Gracias a los\u00a0<strong>3 motores Brushless\u00a0<\/strong>de elevado rendimiento y a su\u00a0<strong>panel de pantalla t\u00e1ctil de 7\u2033<\/strong>, le garantizar\u00e1 la m\u00e1xima versatilidad en los cambios de formato y, por tanto, una gran simplicidad en las operaciones de envasado.<\/p>\n<p>Puede envasar productos de banda de\u00a0<strong>160 mm m\u00e1x<\/strong>., y puede alcanzar los\u00a0<strong>80 paquetes al minuto.<\/strong>\u00a0Con una \u00f3ptima relaci\u00f3n calidad\/precio, esta envasadora es un aglomerado de calidad y tecnolog\u00eda y garantiza una gran fiabilidad.<\/p>\n<p>Esta m\u00e1quina es adecuada para el envasado de: Bollos, pasteles, caramelos, bombones, chocolate, productos farmac\u00e9uticos, objetos varios, etc.<\/p>\n<p>La envasadora\u00a0<strong>Miniflow 380<\/strong>\u00a0puede equiparse con innumerables accesorios.<\/p>\n<\/div>\n","protected":false},"featured_media":839,"template":"","meta":{"neve_meta_sidebar":"","neve_meta_container":"","neve_meta_enable_content_width":"off","neve_meta_content_width":100,"neve_meta_title_alignment":"","neve_meta_author_avatar":"","neve_post_elements_order":"","neve_meta_disable_header":"","neve_meta_disable_footer":"","neve_meta_disable_title":""},"class_list":["post-838","product","type-product","status-publish","has-post-thumbnail","hentry","product_cat-flowpack"],"_links":{"self":[{"href":"https:\/\/sti.hn\/wp2\/wp-json\/wp\/v2\/product\/838","targetHints":{"allow":["GET"]}}],"collection":[{"href":"https:\/\/sti.hn\/wp2\/wp-json\/wp\/v2\/product"}],"about":[{"href":"https:\/\/sti.hn\/wp2\/wp-json\/wp\/v2\/types\/product"}],"version-history":[{"count":1,"href":"https:\/\/sti.hn\/wp2\/wp-json\/wp\/v2\/product\/838\/revisions"}],"predecessor-version":[{"id":840,"href":"https:\/\/sti.hn\/wp2\/wp-json\/wp\/v2\/product\/838\/revisions\/840"}],"wp:featuredmedia":[{"embeddable":true,"href":"https:\/\/sti.hn\/wp2\/wp-json\/wp\/v2\/media\/839"}],"wp:attachment":[{"href":"https:\/\/sti.hn\/wp2\/wp-json\/wp\/v2\/media?parent=838"}],"curies":[{"name":"wp","href":"https:\/\/api.w.org\/{rel}","templated":true}]}}